{"id":22,"date":"2021-04-26T19:01:55","date_gmt":"2021-04-26T22:01:55","guid":{"rendered":"https:\/\/pos.uel.br\/biologicas\/?page_id=22"},"modified":"2023-10-07T00:41:33","modified_gmt":"2023-10-07T03:41:33","slug":"mestrado","status":"publish","type":"page","link":"https:\/\/pos.uel.br\/biologicas\/mestrado\/","title":{"rendered":"Mestrado"},"content":{"rendered":"\n<p>&#8211; <a href=\"https:\/\/pos.uel.br\/biologicas\/estrutura-curricular\/\"><strong>Estrutura curricular<\/strong><\/a><\/p>\n\n\n\n<p>&#8211; <a href=\"https:\/\/pos.uel.br\/biologicas\/corpo-docente\/\"><strong>Corpo docente<\/strong><\/a><\/p>\n\n\n\n<p>&#8211; <a href=\"https:\/\/pos.uel.br\/biologicas\/corpo-discente\"><strong>Corpo discente<\/strong><\/a><\/p>\n\n\n\n<p>&#8211; <a href=\"https:\/\/pos.uel.br\/biologicas\/egressos\"><strong>Egressos<\/strong><\/a><\/p>\n\n\n\n<p>&#8211; <a href=\"https:\/\/pos.uel.br\/biologicas\/dissertacoes-teses-e-livros\/\"><strong>Disserta\u00e7\u00f5es<\/strong><\/a><\/p>\n\n\n\n<p>&#8211; <a href=\"https:\/\/pos.uel.br\/biologicas\/regimentos-resolucoes-e-normas\/\"><strong>Regras, procedimentos e formul\u00e1rios<\/strong><\/a><\/p>\n\n\n\n<p>&#8211; <strong><a href=\"https:\/\/pos.uel.br\/biologicas\/resolucao-bolsas\/\">Resolu\u00e7\u00e3o distribui\u00e7\u00e3o de bolsas<\/a><\/strong><\/p>\n","protected":false},"excerpt":{"rendered":"<p>&#8211; Estrutura curricular &#8211; Corpo docente &#8211; Corpo discente &#8211; Egressos &#8211; Disserta\u00e7\u00f5es &#8211; Regras, procedimentos e formul\u00e1rios &#8211; Resolu\u00e7\u00e3o distribui\u00e7\u00e3o de bolsas<\/p>\n","protected":false},"author":7,"featured_media":0,"parent":0,"menu_order":0,"comment_status":"closed","ping_status":"closed","template":"","meta":{"footnotes":""},"class_list":["post-22","page","type-page","status-publish","hentry"],"acf":[],"_links":{"self":[{"href":"https:\/\/pos.uel.br\/biologicas\/wp-json\/wp\/v2\/pages\/22","targetHints":{"allow":["GET"]}}],"collection":[{"href":"https:\/\/pos.uel.br\/biologicas\/wp-json\/wp\/v2\/pages"}],"about":[{"href":"https:\/\/pos.uel.br\/biologicas\/wp-json\/wp\/v2\/types\/page"}],"author":[{"embeddable":true,"href":"https:\/\/pos.uel.br\/biologicas\/wp-json\/wp\/v2\/users\/7"}],"replies":[{"embeddable":true,"href":"https:\/\/pos.uel.br\/biologicas\/wp-json\/wp\/v2\/comments?post=22"}],"version-history":[{"count":4,"href":"https:\/\/pos.uel.br\/biologicas\/wp-json\/wp\/v2\/pages\/22\/revisions"}],"predecessor-version":[{"id":1685,"href":"https:\/\/pos.uel.br\/biologicas\/wp-json\/wp\/v2\/pages\/22\/revisions\/1685"}],"wp:attachment":[{"href":"https:\/\/pos.uel.br\/biologicas\/wp-json\/wp\/v2\/media?parent=22"}],"curies":[{"name":"wp","href":"https:\/\/api.w.org\/{rel}","templated":true}]}}