{"id":213,"date":"2021-06-06T12:37:10","date_gmt":"2021-06-06T15:37:10","guid":{"rendered":"https:\/\/pos.uel.br\/biologicas\/?page_id=213"},"modified":"2021-07-05T13:30:19","modified_gmt":"2021-07-05T16:30:19","slug":"logomarcas","status":"publish","type":"page","link":"https:\/\/pos.uel.br\/biologicas\/logomarcas\/","title":{"rendered":"Logomarcas"},"content":{"rendered":"\n<div class=\"wp-block-columns is-layout-flex wp-container-core-columns-is-layout-9d6595d7 wp-block-columns-is-layout-flex\">\n<div class=\"wp-block-column is-layout-flow wp-block-column-is-layout-flow\" style=\"flex-basis:100%\">\n<p>Para copiar a figura, clique com o bot\u00e3o direito do mouse sobre a figura. Na barra de sele\u00e7\u00f5es, clique em &#8220;Salvar imagem como&#8230;&#8221;, escolha o local e clique em &#8220;Salvar&#8221;.<\/p>\n<\/div>\n<\/div>\n\n\n\n<div class=\"wp-block-columns is-layout-flex wp-container-core-columns-is-layout-9d6595d7 wp-block-columns-is-layout-flex\">\n<div class=\"wp-block-column is-layout-flow wp-block-column-is-layout-flow\">\n<figure class=\"wp-block-image size-large\"><img loading=\"lazy\" decoding=\"async\" width=\"1024\" height=\"308\" src=\"https:\/\/pos.uel.br\/biologicas\/wp-content\/uploads\/2021\/07\/UEL-1024x308.png\" alt=\"\" class=\"wp-image-680\" srcset=\"https:\/\/pos.uel.br\/biologicas\/wp-content\/uploads\/2021\/07\/UEL-1024x308.png 1024w, https:\/\/pos.uel.br\/biologicas\/wp-content\/uploads\/2021\/07\/UEL-300x90.png 300w, https:\/\/pos.uel.br\/biologicas\/wp-content\/uploads\/2021\/07\/UEL-768x231.png 768w, https:\/\/pos.uel.br\/biologicas\/wp-content\/uploads\/2021\/07\/UEL-1536x461.png 1536w, https:\/\/pos.uel.br\/biologicas\/wp-content\/uploads\/2021\/07\/UEL-2048x615.png 2048w\" sizes=\"auto, (max-width: 1024px) 100vw, 1024px\" \/><\/figure>\n<\/div>\n\n\n\n<div class=\"wp-block-column is-vertically-aligned-center is-layout-flow wp-block-column-is-layout-flow\">\n<div class=\"wp-block-buttons is-layout-flex wp-block-buttons-is-layout-flex\">\n<div class=\"wp-block-button\"><a class=\"wp-block-button__link has-primary-accent-background-color has-background\" href=\"https:\/\/portal.uel.br\/conheca-a-uel\/pages\/marca-e-logotipo.php\">Acesse todas as artes dispon\u00edveis da logo da UEL<\/a><\/div>\n<\/div>\n\n\n\n<p><\/p>\n<\/div>\n<\/div>\n\n\n\n<div class=\"wp-block-columns is-layout-flex wp-container-core-columns-is-layout-9d6595d7 wp-block-columns-is-layout-flex\">\n<div class=\"wp-block-column is-layout-flow wp-block-column-is-layout-flow\">\n<figure class=\"wp-block-image size-large\"><img loading=\"lazy\" decoding=\"async\" width=\"466\" height=\"319\" src=\"https:\/\/pos.uel.br\/biologicas\/wp-content\/uploads\/2021\/07\/PPG-CB-2-1.png\" alt=\"\" class=\"wp-image-678\" srcset=\"https:\/\/pos.uel.br\/biologicas\/wp-content\/uploads\/2021\/07\/PPG-CB-2-1.png 466w, https:\/\/pos.uel.br\/biologicas\/wp-content\/uploads\/2021\/07\/PPG-CB-2-1-300x205.png 300w\" sizes=\"auto, (max-width: 466px) 100vw, 466px\" \/><\/figure>\n<\/div>\n\n\n\n<div class=\"wp-block-column is-layout-flow wp-block-column-is-layout-flow\">\n<figure class=\"wp-block-image size-large\"><img loading=\"lazy\" decoding=\"async\" width=\"304\" height=\"119\" src=\"https:\/\/pos.uel.br\/biologicas\/wp-content\/uploads\/2021\/06\/Logo_proppg_colorida.png\" alt=\"\" class=\"wp-image-603\" srcset=\"https:\/\/pos.uel.br\/biologicas\/wp-content\/uploads\/2021\/06\/Logo_proppg_colorida.png 304w, https:\/\/pos.uel.br\/biologicas\/wp-content\/uploads\/2021\/06\/Logo_proppg_colorida-300x117.png 300w\" sizes=\"auto, (max-width: 304px) 100vw, 304px\" \/><\/figure>\n<\/div>\n<\/div>\n\n\n\n<div class=\"wp-block-columns is-layout-flex wp-container-core-columns-is-layout-9d6595d7 wp-block-columns-is-layout-flex\">\n<div class=\"wp-block-column is-layout-flow wp-block-column-is-layout-flow\">\n<figure class=\"wp-block-image size-large\"><img loading=\"lazy\" decoding=\"async\" width=\"1024\" height=\"948\" src=\"https:\/\/pos.uel.br\/biologicas\/wp-content\/uploads\/2021\/06\/logo-capes-original-fundo-claro-png-1024x948.png\" alt=\"\" class=\"wp-image-601\" srcset=\"https:\/\/pos.uel.br\/biologicas\/wp-content\/uploads\/2021\/06\/logo-capes-original-fundo-claro-png-1024x948.png 1024w, https:\/\/pos.uel.br\/biologicas\/wp-content\/uploads\/2021\/06\/logo-capes-original-fundo-claro-png-300x278.png 300w, https:\/\/pos.uel.br\/biologicas\/wp-content\/uploads\/2021\/06\/logo-capes-original-fundo-claro-png-768x711.png 768w, https:\/\/pos.uel.br\/biologicas\/wp-content\/uploads\/2021\/06\/logo-capes-original-fundo-claro-png-1536x1422.png 1536w, https:\/\/pos.uel.br\/biologicas\/wp-content\/uploads\/2021\/06\/logo-capes-original-fundo-claro-png-2048x1896.png 2048w\" sizes=\"auto, (max-width: 1024px) 100vw, 1024px\" \/><\/figure>\n<\/div>\n\n\n\n<div class=\"wp-block-column is-layout-flow wp-block-column-is-layout-flow\">\n<figure class=\"wp-block-image size-large\"><img loading=\"lazy\" decoding=\"async\" width=\"300\" height=\"133\" src=\"https:\/\/pos.uel.br\/biologicas\/wp-content\/uploads\/2021\/06\/logo-cnpq.jpg\" alt=\"\" class=\"wp-image-602\"\/><\/figure>\n<\/div>\n\n\n\n<div class=\"wp-block-column is-layout-flow wp-block-column-is-layout-flow\">\n<figure class=\"wp-block-image size-large\"><img loading=\"lazy\" decoding=\"async\" width=\"512\" height=\"385\" src=\"https:\/\/pos.uel.br\/biologicas\/wp-content\/uploads\/2021\/06\/logo-fa.png\" alt=\"\" class=\"wp-image-600\" srcset=\"https:\/\/pos.uel.br\/biologicas\/wp-content\/uploads\/2021\/06\/logo-fa.png 512w, https:\/\/pos.uel.br\/biologicas\/wp-content\/uploads\/2021\/06\/logo-fa-300x226.png 300w\" sizes=\"auto, (max-width: 512px) 100vw, 512px\" \/><\/figure>\n<\/div>\n<\/div>\n","protected":false},"excerpt":{"rendered":"<p>Para copiar a figura, clique com o bot\u00e3o direito do mouse sobre a figura. Na barra de sele\u00e7\u00f5es, clique em &#8220;Salvar imagem como&#8230;&#8221;, escolha o local e clique em &#8220;Salvar&#8221;.<\/p>\n","protected":false},"author":10,"featured_media":0,"parent":0,"menu_order":0,"comment_status":"closed","ping_status":"closed","template":"","meta":{"footnotes":""},"class_list":["post-213","page","type-page","status-publish","hentry"],"acf":[],"_links":{"self":[{"href":"https:\/\/pos.uel.br\/biologicas\/wp-json\/wp\/v2\/pages\/213","targetHints":{"allow":["GET"]}}],"collection":[{"href":"https:\/\/pos.uel.br\/biologicas\/wp-json\/wp\/v2\/pages"}],"about":[{"href":"https:\/\/pos.uel.br\/biologicas\/wp-json\/wp\/v2\/types\/page"}],"author":[{"embeddable":true,"href":"https:\/\/pos.uel.br\/biologicas\/wp-json\/wp\/v2\/users\/10"}],"replies":[{"embeddable":true,"href":"https:\/\/pos.uel.br\/biologicas\/wp-json\/wp\/v2\/comments?post=213"}],"version-history":[{"count":6,"href":"https:\/\/pos.uel.br\/biologicas\/wp-json\/wp\/v2\/pages\/213\/revisions"}],"predecessor-version":[{"id":681,"href":"https:\/\/pos.uel.br\/biologicas\/wp-json\/wp\/v2\/pages\/213\/revisions\/681"}],"wp:attachment":[{"href":"https:\/\/pos.uel.br\/biologicas\/wp-json\/wp\/v2\/media?parent=213"}],"curies":[{"name":"wp","href":"https:\/\/api.w.org\/{rel}","templated":true}]}}