{"id":208,"date":"2021-06-06T12:33:09","date_gmt":"2021-06-06T15:33:09","guid":{"rendered":"https:\/\/pos.uel.br\/biologicas\/?page_id=208"},"modified":"2025-09-19T09:50:59","modified_gmt":"2025-09-19T12:50:59","slug":"comissoes","status":"publish","type":"page","link":"https:\/\/pos.uel.br\/biologicas\/comissoes\/","title":{"rendered":"Comiss\u00f5es"},"content":{"rendered":"\n<p class=\"has-text-align-center has-medium-font-size\"><\/p>\n\n\n\n<p class=\"has-text-color\" style=\"color:#ffffff\">a<\/p>\n\n\n\n<p class=\"has-text-align-center\"><strong>Comiss\u00e3o Coordenadora<\/strong><\/p>\n\n\n\n<p class=\"has-text-align-center\">Profa. Dra. Ana Paula Vidotto Magnoni (coordenadora do PPG-CB)<\/p>\n\n\n\n<p class=\"has-text-align-center\">Prof. Dr. Fernando Maia Silva Dias (vice-coordenador do PPG-CB)<\/p>\n\n\n\n<p class=\"has-text-align-center\">Profa. Dr. Jos\u00e9 Luis Olivan Birindelli <\/p>\n\n\n\n<p class=\"has-text-align-center\">Profa. Dra. Cl\u00e1udia Bueno dos Reis Martinez<\/p>\n\n\n\n<p class=\"has-text-align-center\">Me. Gabriela Correia de Oliveira<\/p>\n\n\n\n<p class=\"has-text-align-center has-text-color\" style=\"color:#ffffff\">a<\/p>\n\n\n\n<p class=\"has-text-align-center\"><strong>Comiss\u00e3o de Autoavalia\u00e7\u00e3o<\/strong><\/p>\n\n\n\n<p class=\"has-text-align-center\">Prof. Dr. Marcos Robalinho Lima (Presidente)<\/p>\n\n\n\n<p class=\"has-text-align-center\">Prof. Dr. Halley Caixeta de Oliveira<\/p>\n\n\n\n<p class=\"has-text-align-center\">Prof. Dr. Fernando Camargo Jerep<\/p>\n\n\n\n<p class=\"has-text-align-center\">Me. Gabriela Correia de Oliveira<\/p>\n\n\n\n<p class=\"has-text-align-center\"><\/p>\n\n\n\n<p class=\"has-text-align-center\"><strong>Comiss\u00e3o de Bolsas<\/strong><\/p>\n\n\n\n<p class=\"has-text-align-center\">Profa Dra Ana Paula Vidotto Magnoni (presidente)<\/p>\n\n\n\n<p class=\"has-text-align-center\">Prof Dr Fernando Maia Silva Dias<\/p>\n\n\n\n<p class=\"has-text-align-center\">Prof Dr M\u00e1rio Luis Orsi<\/p>\n\n\n\n<p class=\"has-text-align-center\">Me. Gabriela Oliveira  (discente)<\/p>\n\n\n\n<p><\/p>\n\n\n\n<p class=\"has-text-align-center\"><strong>Comiss\u00e3o de planejamento estrat\u00e9gico <\/strong><\/p>\n\n\n\n<p class=\"has-text-align-center\">Profa Dra Ana Paula Vidotto Magnoni (presidente)<\/p>\n\n\n\n<p class=\"has-text-align-center\">Prof Dr Jos\u00e9 Marcelo Domingues Torezan<\/p>\n\n\n\n<p class=\"has-text-align-center\">Prof Dr Luiz dos Anjos<\/p>\n\n\n\n<p><\/p>\n\n\n\n<p><\/p>\n","protected":false},"excerpt":{"rendered":"<p>a Comiss\u00e3o Coordenadora Profa. Dra. Ana Paula Vidotto Magnoni (coordenadora do PPG-CB) Prof. Dr. Fernando Maia Silva Dias (vice-coordenador do PPG-CB) Profa. Dr. Jos\u00e9 Luis Olivan Birindelli Profa. Dra. Cl\u00e1udia Bueno dos Reis Martinez Me. Gabriela Correia de Oliveira a Comiss\u00e3o de Autoavalia\u00e7\u00e3o Prof. Dr. Marcos Robalinho Lima (Presidente) Prof. Dr. Halley Caixeta de Oliveira [&hellip;]<\/p>\n","protected":false},"author":10,"featured_media":0,"parent":0,"menu_order":0,"comment_status":"closed","ping_status":"closed","template":"","meta":{"footnotes":""},"class_list":["post-208","page","type-page","status-publish","hentry"],"acf":[],"_links":{"self":[{"href":"https:\/\/pos.uel.br\/biologicas\/wp-json\/wp\/v2\/pages\/208","targetHints":{"allow":["GET"]}}],"collection":[{"href":"https:\/\/pos.uel.br\/biologicas\/wp-json\/wp\/v2\/pages"}],"about":[{"href":"https:\/\/pos.uel.br\/biologicas\/wp-json\/wp\/v2\/types\/page"}],"author":[{"embeddable":true,"href":"https:\/\/pos.uel.br\/biologicas\/wp-json\/wp\/v2\/users\/10"}],"replies":[{"embeddable":true,"href":"https:\/\/pos.uel.br\/biologicas\/wp-json\/wp\/v2\/comments?post=208"}],"version-history":[{"count":7,"href":"https:\/\/pos.uel.br\/biologicas\/wp-json\/wp\/v2\/pages\/208\/revisions"}],"predecessor-version":[{"id":1873,"href":"https:\/\/pos.uel.br\/biologicas\/wp-json\/wp\/v2\/pages\/208\/revisions\/1873"}],"wp:attachment":[{"href":"https:\/\/pos.uel.br\/biologicas\/wp-json\/wp\/v2\/media?parent=208"}],"curies":[{"name":"wp","href":"https:\/\/api.w.org\/{rel}","templated":true}]}}

Comissões

<p class="has-text-align-center has-medium-font-size"></p>



<p class="has-text-color" style="color:#ffffff">a</p>



<p class="has-text-align-center"><strong>Comissão Coordenadora</strong></p>



<p class="has-text-align-center">Profa. Dra. Ana Paula Vidotto Magnoni (coordenadora do PPG-CB)</p>



<p class="has-text-align-center">Prof. Dr. Fernando Maia Silva Dias (vice-coordenador do PPG-CB)</p>



<p class="has-text-align-center">Profa. Dr. José Luis Olivan Birindelli </p>



<p class="has-text-align-center">Profa. Dra. Cláudia Bueno dos Reis Martinez</p>



<p class="has-text-align-center">Me. Gabriela Correia de Oliveira</p>



<p class="has-text-align-center has-text-color" style="color:#ffffff">a</p>



<p class="has-text-align-center"><strong>Comissão de Autoavaliação</strong></p>



<p class="has-text-align-center">Prof. Dr. Marcos Robalinho Lima (Presidente)</p>



<p class="has-text-align-center">Prof. Dr. Halley Caixeta de Oliveira</p>



<p class="has-text-align-center">Prof. Dr. Fernando Camargo Jerep</p>



<p class="has-text-align-center">Me. Gabriela Correia de Oliveira</p>



<p class="has-text-align-center"></p>



<p class="has-text-align-center"><strong>Comissão de Bolsas</strong></p>



<p class="has-text-align-center">Profa Dra Ana Paula Vidotto Magnoni (presidente)</p>



<p class="has-text-align-center">Prof Dr Fernando Maia Silva Dias</p>



<p class="has-text-align-center">Prof Dr Mário Luis Orsi</p>



<p class="has-text-align-center">Me. Gabriela Oliveira  (discente)</p>



<p></p>



<p class="has-text-align-center"><strong>Comissão de planejamento estratégico </strong></p>



<p class="has-text-align-center">Profa Dra Ana Paula Vidotto Magnoni (presidente)</p>



<p class="has-text-align-center">Prof Dr José Marcelo Domingues Torezan</p>



<p class="has-text-align-center">Prof Dr Luiz dos Anjos</p>



<p></p>



<p></p>

<p>a Comissão Coordenadora Profa. Dra. Ana Paula Vidotto Magnoni (coordenadora do PPG-CB) Prof. Dr. Fernando Maia Silva Dias (vice-coordenador do PPG-CB) Profa. Dr. José Luis Olivan Birindelli Profa. Dra. Cláudia Bueno dos Reis Martinez Me. Gabriela Correia de Oliveira a Comissão de Autoavaliação Prof. Dr. Marcos Robalinho Lima (Presidente) Prof. Dr. Halley Caixeta de Oliveira [&hellip;]</p>
