{"id":177,"date":"2021-06-06T12:34:26","date_gmt":"2021-06-06T15:34:26","guid":{"rendered":"https:\/\/pos.uel.br\/biologicas\/?page_id=177"},"modified":"2025-11-02T07:51:37","modified_gmt":"2025-11-02T10:51:37","slug":"corpo-discente-2","status":"publish","type":"page","link":"https:\/\/pos.uel.br\/biologicas\/corpo-discente-2\/","title":{"rendered":"Corpo discente"},"content":{"rendered":"\n<p class=\"has-medium-font-size\"><strong>Alunos Regulares do PPG-CB &#8211; DOUTORADO<\/strong><\/p>\n\n\n\n<p><\/p>\n\n\n\n<h4 class=\"wp-block-heading\">Turma 2025-1 <\/h4>\n\n\n\n<figure class=\"wp-block-table\"><table class=\"has-fixed-layout\"><tbody><tr><td><strong>NOME<\/strong><\/td><td><strong>BOLSA<\/strong><\/td><td><strong>ORIENTADOR<\/strong><\/td><\/tr><tr><td>Diego Espirito Santo<\/td><td>CAPES &#8211; DS<\/td><td>Claudia Bueno dos Reis Martinez<\/td><\/tr><tr><td>Gessi De Sousa Gonzaga<\/td><td>CAPES &#8211; DS<\/td><td>Jos\u00e9 Marcelo Domingues Torezan<\/td><\/tr><tr><td>Alisson Dos Santos Oliveira<\/td><td>CAPES &#8211; DS<\/td><td>Renata Stolf Moreira<\/td><\/tr><tr><td>Isabela Toninato Tavares<\/td><td>CNPq<\/td><td>Claudia Bueno dos Reis Martinez<\/td><\/tr><tr><td>Larissa Cerqueira Dias Rodrigues<\/td><td>CAPES &#8211; DS<\/td><td>Jos\u00e9 Marcelo Domingues Torezan<\/td><\/tr><tr><td>Karina Sanada<\/td><td>Sem Bolsa<\/td><td>Halley Caixeta de Oliveira<\/td><\/tr><tr><td>Giovanna Gabriely Cesar<\/td><td>CNPq<\/td><td>Silvia Helena Sofia<\/td><\/tr><tr><td>Ailton Luiz Passador<\/td><td>CAPES-DS<\/td><td>Renata Stolf Moreira<\/td><\/tr><tr><td>Roberto Ferrazi F\u00e1varo<\/td><td>Sem Bolsa<\/td><td>Jos\u00e9 Luis Olivan Birindelli<\/td><\/tr><\/tbody><\/table><\/figure>\n\n\n\n<p><\/p>\n\n\n\n<p><\/p>\n\n\n\n<p><\/p>\n\n\n\n<h4 class=\"wp-block-heading\"><strong>Turma 2024-1<\/strong><\/h4>\n\n\n\n<figure class=\"wp-block-table\"><table class=\"has-fixed-layout\"><tbody><tr><td><strong>NOME<\/strong><\/td><td><strong>BOLSA<\/strong><\/td><td><strong>ORIENTADOR<\/strong><\/td><\/tr><tr><td>David Lins Fernandes Leiroza Lovato<\/td><td>CAPES &#8211; DS<\/td><td>Ana Paula Vidotto Magnoni<\/td><\/tr><tr><td>J\u00e9ssica Oliveira Araujo<\/td><td>CAPES &#8211; DS<\/td><td>Jos\u00e9 Marcelo Domingues Torezan<\/td><\/tr><tr><td>Humberto de Lima Souza<\/td><td>CAPES &#8211; DS<\/td><td>Jos\u00e9 Luis Olivan Birindelli<\/td><\/tr><tr><td>Gabriela Correia de Oliveira<\/td><td>CAPES &#8211; DS<\/td><td>M\u00e1rio Luis Orsi<\/td><\/tr><tr><td>Vanessa Chagas de Almeida<\/td><td>CAPES &#8211; DS<\/td><td>Jos\u00e9 Eduardo Lahoz Ribeiro<\/td><\/tr><tr><td>Let\u00edcia Bernadete da Silva<\/td><td>CAPES &#8211; DS (at\u00e9 fev\/2025)<\/td><td>Jo\u00e3o Antonio Cyrino Zequi<\/td><\/tr><tr><td>Matheus Chueire<\/td><td>Sem Bolsa<\/td><td>M\u00e1rio Luis Orsi<\/td><\/tr><tr><td>Thiago Pinheiro<\/td><td>Sem Bolsa<\/td><td>Jo\u00e3o Antonio Cyrino Zequi<\/td><\/tr><\/tbody><\/table><\/figure>\n\n\n\n<p class=\"has-medium-font-size\"><strong>Turma 2023-1<\/strong><\/p>\n\n\n\n<figure class=\"wp-block-table\"><table><tbody><tr><td><strong>NOME<\/strong><\/td><td class=\"has-text-align-center\" data-align=\"center\"><strong>BOLSA<\/strong><\/td><td><strong>ORIENTADOR<\/strong><\/td><\/tr><tr><td>Abbas Rahmani<\/td><td class=\"has-text-align-center\" data-align=\"center\">CAPES\/PDPG<\/td><td>Halley Caixeta de Oliveira<\/td><\/tr><tr><td>Claudia Sousa Chaves<\/td><td class=\"has-text-align-center\" data-align=\"center\">CAPES\/PROPPG<\/td><td>Jos\u00e9 L. O. Birindelli<\/td><\/tr><tr><td>John David Oliveira de Lima<\/td><td class=\"has-text-align-center\" data-align=\"center\">CAPES\/PDPG<\/td><td>Renata Stolf Moreira<\/td><\/tr><tr><td>Elizabete Artus Berte<\/td><td class=\"has-text-align-center\" data-align=\"center\">&#8211;<\/td><td>Silvia Helena Sofia<\/td><\/tr><tr><td>Gabriel Bambrila Milleo<\/td><td class=\"has-text-align-center\" data-align=\"center\">CAPES\/DS<\/td><td>Ana Paula Vidotto Magnoni<\/td><\/tr><tr><td>Ian Solon Bortolucci Ito<\/td><td class=\"has-text-align-center\" data-align=\"center\">CAPES\/DS<\/td><td>Jos\u00e9 L. O. Birindelli<\/td><\/tr><tr><td>Jo\u00e3o Pedro Batista F. Cunha<\/td><td class=\"has-text-align-center\" data-align=\"center\">CAPES\/DS<\/td><td>Renata Stolf Moreira<\/td><\/tr><tr><td>Julia dos Santos Gutierres<\/td><td class=\"has-text-align-center\" data-align=\"center\">CAPES\/DS<\/td><td>Ana Paula Vidotto Magnoni<\/td><\/tr><tr><td>Luane Samara Alves e Silva<\/td><td class=\"has-text-align-center\" data-align=\"center\">CAPES\/DS<\/td><td>Gustavo Monteiro Teixeira<\/td><\/tr><tr><td>Marcos Akira Umeno<\/td><td class=\"has-text-align-center\" data-align=\"center\">CNPq\/PELD<\/td><td>Marcos Robalinho Lima<\/td><\/tr><tr><td>Matheus de Moura Silva<\/td><td class=\"has-text-align-center\" data-align=\"center\">&#8211;<\/td><td>Renata da Rosa<\/td><\/tr><\/tbody><\/table><\/figure>\n\n\n\n<div style=\"height:50px\" aria-hidden=\"true\" class=\"wp-block-spacer\"><\/div>\n\n\n\n<p class=\"has-medium-font-size\"><strong>Turma 2022-1<\/strong><\/p>\n\n\n\n<figure class=\"wp-block-table\"><table><tbody><tr><td><strong>NOME<\/strong><\/td><td class=\"has-text-align-center\" data-align=\"center\"><strong>BOLSA<\/strong><\/td><td><strong>ORIENTADOR<\/strong><\/td><\/tr><tr><td>Juliana Deganello Vieira<\/td><td class=\"has-text-align-center\" data-align=\"center\">&#8211;<\/td><td>Jos\u00e9 Marcelo Domingues Torezan<\/td><\/tr><tr><td>Giovanna Camargo do Carmo<\/td><td class=\"has-text-align-center\" data-align=\"center\">CAPES\/DS<\/td><td>Halley Caixeta de Oliveira<\/td><\/tr><tr><td>Jefferson Gomes<\/td><td class=\"has-text-align-center\" data-align=\"center\">&#8211;<\/td><td>Jos\u00e9 L. O. Birindelli<\/td><\/tr><tr><td>Priscila Frazato da Silva<\/td><td class=\"has-text-align-center\" data-align=\"center\">CAPES\/DS<\/td><td>Gustavo Monteiro Teixeira<\/td><\/tr><tr><td>Felipe dos Santos Machado<\/td><td class=\"has-text-align-center\" data-align=\"center\">CAPES\/DS<\/td><td>Ana Paula Vidotto Magnoni<\/td><\/tr><tr><td>Lucas Henrique Santos<\/td><td class=\"has-text-align-center\" data-align=\"center\">CAPES\/DS<\/td><td>Gustavo Monteiro Teixeira<\/td><\/tr><tr><td>Susanna Mendes Miranda<\/td><td class=\"has-text-align-center\" data-align=\"center\">&#8211;<\/td><td>Silvia Helena Sofia<\/td><\/tr><\/tbody><\/table><\/figure>\n\n\n\n<div style=\"height:100px\" aria-hidden=\"true\" class=\"wp-block-spacer\"><\/div>\n\n\n\n<p class=\"has-medium-font-size\"><strong>Turma 2021-1<\/strong><\/p>\n\n\n\n<figure class=\"wp-block-table\"><table><tbody><tr><td><strong>NOME<\/strong><\/td><td><strong>BOLSA<\/strong><\/td><td><strong>ORIENTADOR<\/strong><\/td><\/tr><tr><td>Iago Vinicios Geller<\/td><td>&#8211;<\/td><td>M\u00e1rio L. Orsi<\/td><\/tr><tr><td>Jamille Mariana de Oliveira Marques<\/td><td>CAPES\/DS<\/td><td>Cl\u00e1udia Bueno dos Reis Martinez<\/td><\/tr><tr><td>Rafael da Silva Marques<\/td><td>CAPES\/DS<\/td><td>Oscar Akio Shibatta<\/td><\/tr><\/tbody><\/table><\/figure>\n\n\n\n<div style=\"height:50px\" aria-hidden=\"true\" class=\"wp-block-spacer\"><\/div>\n\n\n\n<p class=\"has-medium-font-size\"><strong>Turma 2020-1<\/strong><\/p>\n\n\n\n<figure class=\"wp-block-table\"><table><tbody><tr><td><strong>NOME<\/strong><\/td><td><strong>BOLSA<\/strong><\/td><td><strong>ORIENTADOR<\/strong><\/td><\/tr><tr><td>Fernanda Polli Paez<\/td><td>CAPES\/DS<\/td><td>Gustavo Monteiro Teixeira<\/td><\/tr><tr><td>Jheniffer Valmira Warmling<\/td><td>CAPES\/DS<\/td><td>Jo\u00e3o Zequi<\/td><\/tr><tr><td>Mailson Gabriel da Fonseca<\/td><td>CAPES\/DS<\/td><td>Carlos Eduardo A. Julio<\/td><\/tr><tr><td>Alexandre da Silva<\/td><td>&#8211;<\/td><td>Fernando Jerep<\/td><\/tr><tr><td><s>Henrique Borges Z. de Souza<\/s><\/td><td>&nbsp;<\/td><td><s>Fernando Jerep<\/s><\/td><\/tr><tr><td>Ederson Pastor Bugatti<\/td><td>CAPES\/DS <\/td><td>Marcos Robalinho Lima<\/td><\/tr><tr><td>Thiago Deruza Garcia<\/td><td>CAPES\/DS <\/td><td>Ana Paula Vidotto<\/td><\/tr><tr><td><s>Rafael Caetano da Silva<\/s><\/td><td>&nbsp;<\/td><td><s>Halley<\/s><\/td><\/tr><tr><td>Vinicius Martins Novais<\/td><td>CAPES\/DS <\/td><td>Jo\u00e3o Zequi<\/td><\/tr><tr><td>Jo\u00e3o Daniel Ferraz<\/td><td>&nbsp;&#8211;<\/td><td>Mario Orsi<\/td><\/tr><\/tbody><\/table><\/figure>\n\n\n\n<div style=\"height:50px\" aria-hidden=\"true\" class=\"wp-block-spacer\"><\/div>\n\n\n\n<p class=\"has-medium-font-size\"><strong>Turma 2019-1<\/strong><\/p>\n\n\n\n<figure class=\"wp-block-table\"><table><tbody><tr><td>NOME<\/td><td>BOLSA<\/td><td>ORIENTADOR<\/td><\/tr><tr><td>Breynner G Pav\u00e3o Bertagnoli<\/td><td>CAPES-DS<\/td><td>Jos\u00e9 Antonio Pimenta<\/td><\/tr><tr><td>Jessica Fernanda Bernardes Roda<\/td><td>CAPES-DS<\/td><td>Claudia Bueno dos R. Martinez<\/td><\/tr><tr><td>Ana Carolina Vizintim Marques<\/td><td>CAPES-DS<\/td><td>Mario Orsi<\/td><\/tr><tr><td>Jaiana Richardo<\/td><td>&nbsp;&#8211;<\/td><td>Jos\u00e9 Eduardo L. S. Ribeiro<\/td><\/tr><tr><td>Helon Sim\u00f5es Oliveira<\/td><td>CAPES\/DS<\/td><td>Luiz dos Anjos<\/td><\/tr><tr><td>Tamylle Aparecida Pereira Ferraz<\/td><td>CAPES\/DS <\/td><td>Jos\u00e9 Eduardo L. S. Ribeiro <\/td><\/tr><tr><td><s>Murilo de Oliveira Fernandes<\/s><\/td><td>&nbsp;<\/td><td><s>Oscar Akio Shibatta<\/s><\/td><\/tr><tr><td>Adrieli Signorati<\/td><td>&nbsp;&#8211;<\/td><td>Jos\u00e9 Marcelo Domingues Torezan<\/td><\/tr><tr><td>Vinicius Edgar Vendramin&nbsp;<\/td><td>&nbsp;&#8211;<\/td><td>Carlos Eduardo A. Julio<\/td><\/tr><tr><td>Nick Tramontina Narezzi<\/td><td>CAPES\/DS <\/td><td>Jos\u00e9 L. O. Birindelli<\/td><\/tr><\/tbody><\/table><\/figure>\n\n\n\n<div style=\"height:50px\" aria-hidden=\"true\" class=\"wp-block-spacer\"><\/div>\n\n\n\n<p class=\"has-medium-font-size\"><strong>Turma 2018-1<\/strong><\/p>\n\n\n\n<figure class=\"wp-block-table\"><table><tbody><tr><td>NOME<\/td><td>BOLSA<\/td><td>ORIENTADOR<\/td><\/tr><tr><td>Armando Cesar Rodrigues Casimiro<\/td><td>CAPES-DS<\/td><td>Mario Lu\u00eds Orsi<\/td><\/tr><tr><td>J\u00e9ssica Magon Garcia&nbsp;<\/td><td>CAPES-DS<\/td><td>Jos\u00e9 Marcelo Torezan<\/td><\/tr><tr><td>Millena Terezinha Cabral<\/td><td>CAPES-DS<\/td><td>Claudia Bueno Martinez<\/td><\/tr><tr><td>Jheimison Junior da Silva Rosa<\/td><td>CAPES-DS<\/td><td>Claudia Bueno Martinez<\/td><\/tr><tr><td>Ingrid Costa Mar\u00e7al<\/td><td>CAPES-DS<\/td><td>Gustavo Teixeira<\/td><\/tr><tr><td>Fatima Aparecida Arcanjo<\/td><td>CAPES-DS<\/td><td>Jos\u00e9 Marcelo Torezan<\/td><\/tr><tr><td>Rafael Campos de Barros&nbsp;<\/td><td>&nbsp;&#8211;<\/td><td>Carlos Eduardo A. Julio<\/td><\/tr><tr><td><s>Mariane Dal Comune<\/s><\/td><td>&nbsp;<\/td><td><s>Jose Ant\u00f4nio Pimenta<\/s><\/td><\/tr><tr><td>Bianca Piraccini Silva<\/td><td>&nbsp;&#8211;<\/td><td>Jo\u00e3o Zequi<\/td><\/tr><tr><td>Lucas Battisti<\/td><td>&nbsp;&#8211;<\/td><td>Silvia Sofia<\/td><\/tr><\/tbody><\/table><\/figure>\n\n\n\n<div style=\"height:50px\" aria-hidden=\"true\" class=\"wp-block-spacer\"><\/div>\n\n\n\n<p class=\"has-medium-font-size\"><strong>Turma 2017-1<\/strong><\/p>\n\n\n\n<figure class=\"wp-block-table\"><table><tbody><tr><td>NOME<\/td><td>BOLSA<\/td><td>ORIENTADOR<\/td><\/tr><tr><td>Alan Deivid Pereira<\/td><td>CAPES-DS<\/td><td>M\u00e1rio Lu\u00eds Orsi<\/td><\/tr><tr><td>Andr\u00e9 Luiz Gobatto<\/td><td>CAPES-FA<\/td><td>Silvia Helena<\/td><\/tr><tr><td>Ang\u00e9lica Nunes Tiepo<\/td><td>CAPES-DS<\/td><td>Renata Stolf<\/td><\/tr><tr><td>Jos\u00e9 Ricardo Pires Adelino<\/td><td>CAPES-DS<\/td><td>Marcos Robalinho Lima<\/td><\/tr><tr><td>Kathya Assmann Modesto<\/td><td>&nbsp;<\/td><td>Claudia Bueno Martinez<\/td><\/tr><tr><td>Leticia Romanovicz Moreira<\/td><td>&nbsp;<\/td><td>Carlos Eduardo Alvarenga<\/td><\/tr><tr><td>Luiz Gustavo Eckhardt Valle<\/td><td>&nbsp;<\/td><td>Jos\u00e9 Marcelo Torezan<\/td><\/tr><tr><td>Nat\u00e1lia Uemura<\/td><td>CAPES-FA<\/td><td>Silvia Sofia<\/td><\/tr><tr><td>Tatiane Viegas Debiasi<\/td><td>CAPES-DS<\/td><td>Halley Caixeta de Oliveira<\/td><\/tr><tr><td>Welber da Costa Pina<\/td><td>&nbsp;<\/td><td>Silvia Sofia<\/td><\/tr><\/tbody><\/table><\/figure>\n\n\n\n<div style=\"height:50px\" aria-hidden=\"true\" class=\"wp-block-spacer\"><\/div>\n\n\n\n<p class=\"has-medium-font-size\"><strong>Turma 2016-1<\/strong><\/p>\n\n\n\n<figure class=\"wp-block-table\"><table><tbody><tr><td>NOME<\/td><td>BOLSA<\/td><td>ORIENTADOR<\/td><\/tr><tr><td>Ang\u00e9lica Alves de Paula&nbsp;&nbsp;<\/td><td>CAPES\/FA<\/td><td>Claudia Bueno Martinez<\/td><\/tr><tr><td>Carla Gomes de Ara\u00fajo<\/td><td>&nbsp;<\/td><td>Edmilson Bianchini<\/td><\/tr><tr><td>Carolina Blefari Batista<\/td><td>&nbsp;CAPES\/FA<\/td><td>Marcos Robalinho Lima<\/td><\/tr><tr><td>Guilherme Wilrich<\/td><td>&nbsp;CAPES\/DS<\/td><td>Marcos Robalinho Lima<\/td><\/tr><tr><td>Hilton Fabr\u00edcio Vitolo<\/td><td>&nbsp;<\/td><td>Jos\u00e9 Ant\u00f4nio Pimenta<\/td><\/tr><tr><td>Larissa Corsini Calsavara<\/td><td>&nbsp;CAPES\/FA<\/td><td>Luiz dos Anjos<\/td><\/tr><tr><td>Laura Fernanda Condota<\/td><td>&nbsp;<\/td><td>Claudia Bueno&nbsp;Martinez<\/td><\/tr><tr><td><s>Rafael Campos de Barros<\/s><\/td><td>&nbsp;<\/td><td><s>Carlos Eduardo Alvarenga<\/s><\/td><\/tr><tr><td>Raul Henrique C. Nascimento&nbsp;<\/td><td>&nbsp;CAPES\/DS<\/td><td>Oscar Shibata<\/td><\/tr><tr><td>Tatiana Motta Tavares&nbsp;<\/td><td>&nbsp;&nbsp;CAPES\/DS<\/td><td>Luiz dos Anjos<\/td><\/tr><\/tbody><\/table><\/figure>\n\n\n\n<div style=\"height:50px\" aria-hidden=\"true\" class=\"wp-block-spacer\"><\/div>\n\n\n\n<p class=\"has-medium-font-size\"><strong>Turma 2015-1<\/strong><\/p>\n\n\n\n<figure class=\"wp-block-table\"><table><tbody><tr><td>NOME<\/td><td>BOLSA<\/td><td>ORIENTADOR<\/td><\/tr><tr><td>Anderson Kikuchi Calzavara<\/td><td>&nbsp;CAPES\/DS<\/td><td>Jos\u00e9 Ant\u00f4nio Pimenta<\/td><\/tr><tr><td>Carlos Rodrigo Lehn<\/td><td>&nbsp;<\/td><td>Edmilson Bianchini<\/td><\/tr><tr><td>Daniel Rodrigo Montanher<\/td><td>&nbsp;CAPES\/DS<\/td><td>Edmilson Bianchini<\/td><\/tr><tr><td>Fernando Massayuki Assega<\/td><td>&nbsp;CAPES\/DS<\/td><td>Jos\u00e9 Lu\u00eds Birindelli<\/td><\/tr><tr><td>Gabriel Lima Medina Rosa<\/td><td>&nbsp;CAPES\/DS<\/td><td>Luiz dos Anjos<\/td><\/tr><tr><td>Guilherme De Toledo Figueiredo<\/td><td>&nbsp;Duke<\/td><td>Luiz dos Anjos<\/td><\/tr><tr><td>Jos\u00e9 Marcelo Pelloso Molina&nbsp;<\/td><td>&nbsp;CAPES\/DS<\/td><td>Jos\u00e9 Eduardo Ribeiro<\/td><\/tr><tr><td>Mariana Fernandes Hertel<\/td><td>&nbsp;CAPES\/DS<\/td><td>Jos\u00e9 Ant\u00f4nio Pimenta<\/td><\/tr><tr><td>Patr\u00edcia De Oliveira Santos<\/td><td>&nbsp;CAPES\/FA<\/td><td>Jos\u00e9 Eduardo Ribeiro<\/td><\/tr><tr><td>Patr\u00edcia Nakayama Miranda<\/td><td>&nbsp;<\/td><td>Jos\u00e9 Eduardo Ribeiro<\/td><\/tr><\/tbody><\/table><\/figure>\n\n\n\n<div style=\"height:50px\" aria-hidden=\"true\" class=\"wp-block-spacer\"><\/div>\n\n\n\n<p class=\"has-medium-font-size\"><strong>Turma 2014-1<\/strong><\/p>\n\n\n\n<figure class=\"wp-block-table\"><table><tbody><tr><td>NOME<\/td><td>BOLSA<\/td><td>ORIENTADOR<\/td><\/tr><tr><td><s>Alexandro Augusto Costa<\/s><\/td><td>&nbsp;<s>CAPES\/DS<\/s><\/td><td><s>M\u00e1rio Lu\u00eds&nbsp; Orsi<\/s><\/td><\/tr><tr><td>Andr\u00e9ia Avian Espinoza<\/td><td>&nbsp;<\/td><td>Jos\u00e9 Lopes \/ Jo\u00e3o Zequi<\/td><\/tr><tr><td>Carlos Eduardo Delfino Vieira<\/td><td>&nbsp;CAPES\/DS<\/td><td>Claudia Bueno Martinez<\/td><\/tr><tr><td>Diego Azevedo Zoccal Garcia<\/td><td>&nbsp;CAPES\/DS<\/td><td>M\u00e1rio Lu\u00eds Orsi<\/td><\/tr><tr><td>Fernanda Cristina M. da Silva<\/td><td>&nbsp;CAPES\/DS<\/td><td>Luiz dos Anjos<\/td><\/tr><tr><td>Jacqueline Batista de A. Ceranto<\/td><td>&nbsp;<\/td><td>N\u00e9lio dos Reis \/ Marcos Robalinho Lima<\/td><\/tr><tr><td>Jefferson Torres Martins<\/td><td>&nbsp;<\/td><td>Luiz dos Anjos<\/td><\/tr><tr><td>Maria Ang\u00e9lica Gon\u00e7alves Toscan<\/td><td>&nbsp;<\/td><td>Jos\u00e9 Marcelo Torezan<\/td><\/tr><\/tbody><\/table><\/figure>\n\n\n\n<div style=\"height:50px\" aria-hidden=\"true\" class=\"wp-block-spacer\"><\/div>\n\n\n\n<p><strong>Observa\u00e7\u00e3o:<\/strong><\/p>\n\n\n\n<p>&#8211; As bolsas tem dura\u00e7\u00e3o de 36 meses, salvo exce\u00e7\u00f5es.<\/p>\n\n\n\n<div style=\"height:50px\" aria-hidden=\"true\" class=\"wp-block-spacer\"><\/div>\n\n\n\n<p><strong>Legenda:<\/strong><\/p>\n\n\n\n<p>CAPES\/DS: Cota permanente concedida pela Capes pelo programa de Demanda Social<\/p>\n\n\n\n<p>CAPES\/PDPG: Cota tempor\u00e1ria concedida pela Capes atrav\u00e9s do Programa de Desenvolvimento da P\u00f3s-Gradua\u00e7\u00e3o<\/p>\n\n\n\n<p>CAPES\/PROPPG Cota tempor\u00e1ria concedida pela Capes atrav\u00e9s de edital da PROPPG<\/p>\n\n\n\n<p>CAPES\/PROTAX: Cota tempor\u00e1ria concedida pela Capes atrav\u00e9s do programa de Taxonomia<\/p>\n\n\n\n<p>CNPq\/PPG: Cota tempor\u00e1ria concedida pelo CNPq<\/p>\n\n\n\n<p>CNPq\/PELD: Cota tempor\u00e1ria concedida pelo CNPq atrav\u00e9s do programa de Pesquisa Ecol\u00f3gica de Longa Dura\u00e7\u00e3o<\/p>\n\n\n\n<p>FA: Cota tempor\u00e1ria concedida pela Funda\u00e7\u00e3o Arauc\u00e1ria<\/p>\n\n\n\n<p>DUKE: Cota tempor\u00e1ria concedida pelo conv\u00eanio FAUEL\/Duke Energy<\/p>\n\n\n\n<div style=\"height:50px\" aria-hidden=\"true\" class=\"wp-block-spacer\"><\/div>\n\n\n\n<p class=\"has-medium-font-size\"><\/p>\n","protected":false},"excerpt":{"rendered":"<p>Alunos Regulares do PPG-CB &#8211; DOUTORADO Turma 2025-1 NOME BOLSA ORIENTADOR Diego Espirito Santo CAPES &#8211; DS Claudia Bueno dos Reis Martinez Gessi De Sousa Gonzaga CAPES &#8211; DS Jos\u00e9 Marcelo Domingues Torezan Alisson Dos Santos Oliveira CAPES &#8211; DS Renata Stolf Moreira Isabela Toninato Tavares CNPq Claudia Bueno dos Reis Martinez Larissa Cerqueira Dias [&hellip;]<\/p>\n","protected":false},"author":10,"featured_media":0,"parent":0,"menu_order":0,"comment_status":"closed","ping_status":"closed","template":"","meta":{"footnotes":""},"class_list":["post-177","page","type-page","status-publish","hentry"],"acf":[],"_links":{"self":[{"href":"https:\/\/pos.uel.br\/biologicas\/wp-json\/wp\/v2\/pages\/177","targetHints":{"allow":["GET"]}}],"collection":[{"href":"https:\/\/pos.uel.br\/biologicas\/wp-json\/wp\/v2\/pages"}],"about":[{"href":"https:\/\/pos.uel.br\/biologicas\/wp-json\/wp\/v2\/types\/page"}],"author":[{"embeddable":true,"href":"https:\/\/pos.uel.br\/biologicas\/wp-json\/wp\/v2\/users\/10"}],"replies":[{"embeddable":true,"href":"https:\/\/pos.uel.br\/biologicas\/wp-json\/wp\/v2\/comments?post=177"}],"version-history":[{"count":18,"href":"https:\/\/pos.uel.br\/biologicas\/wp-json\/wp\/v2\/pages\/177\/revisions"}],"predecessor-version":[{"id":1946,"href":"https:\/\/pos.uel.br\/biologicas\/wp-json\/wp\/v2\/pages\/177\/revisions\/1946"}],"wp:attachment":[{"href":"https:\/\/pos.uel.br\/biologicas\/wp-json\/wp\/v2\/media?parent=177"}],"curies":[{"name":"wp","href":"https:\/\/api.w.org\/{rel}","templated":true}]}}