{"id":168,"date":"2021-06-06T17:33:27","date_gmt":"2021-06-06T20:33:27","guid":{"rendered":"https:\/\/pos.uel.br\/biologicas\/?page_id=168"},"modified":"2025-09-19T09:56:03","modified_gmt":"2025-09-19T12:56:03","slug":"normas-para-a-concessao-de-bolsas-de-estudo","status":"publish","type":"page","link":"https:\/\/pos.uel.br\/biologicas\/normas-para-a-concessao-de-bolsas-de-estudo\/","title":{"rendered":"Normas para a concess\u00e3o de bolsas de estudo"},"content":{"rendered":"\n<p><a href=\"https:\/\/pos.uel.br\/biologicas\/resolucao-bolsas\/\">As normas est\u00e3o disponibilizadas na Resolu\u00e7\u00e3o 01\/2023 do PPG-CB<\/a><\/p>\n\n\n\n<p><strong><br>Composi\u00e7\u00e3o da Comiss\u00e3o de Bolsas eleita para o per\u00edodo 2025-2027<\/strong><br><br><\/p>\n\n\n\n<p class=\"has-text-align-left\">Profa Dra Ana Paula Vidotto Magnoni<\/p>\n\n\n\n<p class=\"has-text-align-left\">Prof Dr Fernando Maia Silva Dias<\/p>\n\n\n\n<p class=\"has-text-align-left\">Prof. Dr. Mario Luis Orsi<\/p>\n\n\n\n<p class=\"has-text-align-left\">Me. Gabriela Oliveira<\/p>\n","protected":false},"excerpt":{"rendered":"<p>As normas est\u00e3o disponibilizadas na Resolu\u00e7\u00e3o 01\/2023 do PPG-CB Composi\u00e7\u00e3o da Comiss\u00e3o de Bolsas eleita para o per\u00edodo 2025-2027 Profa Dra Ana Paula Vidotto Magnoni Prof Dr Fernando Maia Silva Dias Prof. Dr. Mario Luis Orsi Me. Gabriela Oliveira<\/p>\n","protected":false},"author":10,"featured_media":0,"parent":0,"menu_order":0,"comment_status":"closed","ping_status":"closed","template":"","meta":{"footnotes":""},"class_list":["post-168","page","type-page","status-publish","hentry"],"acf":[],"_links":{"self":[{"href":"https:\/\/pos.uel.br\/biologicas\/wp-json\/wp\/v2\/pages\/168","targetHints":{"allow":["GET"]}}],"collection":[{"href":"https:\/\/pos.uel.br\/biologicas\/wp-json\/wp\/v2\/pages"}],"about":[{"href":"https:\/\/pos.uel.br\/biologicas\/wp-json\/wp\/v2\/types\/page"}],"author":[{"embeddable":true,"href":"https:\/\/pos.uel.br\/biologicas\/wp-json\/wp\/v2\/users\/10"}],"replies":[{"embeddable":true,"href":"https:\/\/pos.uel.br\/biologicas\/wp-json\/wp\/v2\/comments?post=168"}],"version-history":[{"count":8,"href":"https:\/\/pos.uel.br\/biologicas\/wp-json\/wp\/v2\/pages\/168\/revisions"}],"predecessor-version":[{"id":1876,"href":"https:\/\/pos.uel.br\/biologicas\/wp-json\/wp\/v2\/pages\/168\/revisions\/1876"}],"wp:attachment":[{"href":"https:\/\/pos.uel.br\/biologicas\/wp-json\/wp\/v2\/media?parent=168"}],"curies":[{"name":"wp","href":"https:\/\/api.w.org\/{rel}","templated":true}]}}