{"id":1091,"date":"2022-05-05T12:11:49","date_gmt":"2022-05-05T15:11:49","guid":{"rendered":"https:\/\/pos.uel.br\/biologicas\/?page_id=1091"},"modified":"2023-02-25T23:46:36","modified_gmt":"2023-02-26T02:46:36","slug":"credenciamento-de-docentes","status":"publish","type":"page","link":"https:\/\/pos.uel.br\/biologicas\/credenciamento-de-docentes\/","title":{"rendered":"Credenciamento de docentes"},"content":{"rendered":"\n<p><\/p>\n\n\n\n<p>O credenciamento de novos docentes no PPG-CB pode ser solicitado pelo interessado \u00e0 Comiss\u00e3o Coordenadora atrav\u00e9s da apresenta\u00e7\u00e3o dos seguintes documentos:<\/p>\n\n\n\n<p>I. comprovante do t\u00edtulo de Doutor ou equivalente;<br>II. carta manifestando seu interesse de credenciamento no PPG-CB;<br>III. proposi\u00e7\u00e3o de, no m\u00ednimo, uma disciplina que aborde conte\u00fados relacionados \u00e0<br>\u00e1rea de concentra\u00e7\u00e3o do Programa;<br>IV. Curriculum Vitae com o n\u00famero de publica\u00e7\u00f5es classificadas com Fator de Impacto (JCR) igual ou superior a 0,8, nos \u00faltimos tr\u00eas anos, igual ou maior \u00e0 m\u00e9dia do n\u00famero de publica\u00e7\u00f5es de mesma classifica\u00e7\u00e3o dos Docentes do N\u00facleo Permanente no mesmo per\u00edodo (9 artigos FI > 0,8 no tri\u00eanio 2020-2022).<\/p>\n\n\n\n<p>Caber\u00e1 \u00e0 Comiss\u00e3o Coordenadora analisar o pedido, verificando o enquadramento de sua experi\u00eancia cient\u00edfica com as linhas de pesquisa do PPG-CB e emitir um parecer.<\/p>\n\n\n\n<p><em>Observa\u00e7\u00e3o:<\/em> Tamb\u00e9m poder\u00e3o solicitar credenciamento no PPG-CB docentes ou profissionais de outras institui\u00e7\u00f5es.<\/p>\n","protected":false},"excerpt":{"rendered":"<p>O credenciamento de novos docentes no PPG-CB pode ser solicitado pelo interessado \u00e0 Comiss\u00e3o Coordenadora atrav\u00e9s da apresenta\u00e7\u00e3o dos seguintes documentos: I. comprovante do t\u00edtulo de Doutor ou equivalente;II. carta manifestando seu interesse de credenciamento no PPG-CB;III. proposi\u00e7\u00e3o de, no m\u00ednimo, uma disciplina que aborde conte\u00fados relacionados \u00e0\u00e1rea de concentra\u00e7\u00e3o do Programa;IV. Curriculum Vitae com [&hellip;]<\/p>\n","protected":false},"author":10,"featured_media":0,"parent":0,"menu_order":0,"comment_status":"closed","ping_status":"closed","template":"","meta":{"footnotes":""},"class_list":["post-1091","page","type-page","status-publish","hentry"],"acf":[],"_links":{"self":[{"href":"https:\/\/pos.uel.br\/biologicas\/wp-json\/wp\/v2\/pages\/1091","targetHints":{"allow":["GET"]}}],"collection":[{"href":"https:\/\/pos.uel.br\/biologicas\/wp-json\/wp\/v2\/pages"}],"about":[{"href":"https:\/\/pos.uel.br\/biologicas\/wp-json\/wp\/v2\/types\/page"}],"author":[{"embeddable":true,"href":"https:\/\/pos.uel.br\/biologicas\/wp-json\/wp\/v2\/users\/10"}],"replies":[{"embeddable":true,"href":"https:\/\/pos.uel.br\/biologicas\/wp-json\/wp\/v2\/comments?post=1091"}],"version-history":[{"count":3,"href":"https:\/\/pos.uel.br\/biologicas\/wp-json\/wp\/v2\/pages\/1091\/revisions"}],"predecessor-version":[{"id":1514,"href":"https:\/\/pos.uel.br\/biologicas\/wp-json\/wp\/v2\/pages\/1091\/revisions\/1514"}],"wp:attachment":[{"href":"https:\/\/pos.uel.br\/biologicas\/wp-json\/wp\/v2\/media?parent=1091"}],"curies":[{"name":"wp","href":"https:\/\/api.w.org\/{rel}","templated":true}]}}