{"id":10,"date":"2021-04-26T18:59:46","date_gmt":"2021-04-26T21:59:46","guid":{"rendered":"https:\/\/pos.uel.br\/biologicas\/?page_id=10"},"modified":"2021-06-24T22:48:28","modified_gmt":"2021-06-25T01:48:28","slug":"linhas-de-pesquisa","status":"publish","type":"page","link":"https:\/\/pos.uel.br\/biologicas\/linhas-de-pesquisa\/","title":{"rendered":"Linhas de Pesquisa e Projetos"},"content":{"rendered":"\n<p>O&nbsp;<strong>Programa de P\u00f3s-Gradua\u00e7\u00e3o em Ci\u00eancias Biol\u00f3gicas (PPG-CB)<\/strong>&nbsp;possui uma \u00fanica \u00e1rea de concentra\u00e7\u00e3o, denominada &#8220;<strong>Biodiversidade e Conserva\u00e7\u00e3o em Habitats Fragmentados<\/strong>&#8220;, que conta com duas linhas de pesquisa: &#8220;<strong>Biodiversidade e Conserva\u00e7\u00e3o de Habitats Terrestres<\/strong>\u201d e \u201c<strong>Biodiversidade e Conserva\u00e7\u00e3o de Habitats Aqu\u00e1ticos<\/strong>\u201d. Essa organiza\u00e7\u00e3o do PPG-CB \u00e9 resultado do enfoque integrado em Biodiversidade, em que pesquisas sobre a biota s\u00e3o consideradas sob diferentes abordagens, juntamente com aspectos do ambiente f\u00edsico e da sociedade. Esse contexto \u00e9 marcado pela fragmenta\u00e7\u00e3o de h\u00e1bitats e pelas intera\u00e7\u00f5es desse fen\u00f4meno com as mudan\u00e7as clim\u00e1ticas globais, a polui\u00e7\u00e3o ambiental e a ocupa\u00e7\u00e3o desordenada do espa\u00e7o pelo homem.<\/p>\n\n\n\n<p>O estudo de esp\u00e9cies indicadoras, sens\u00edveis ou raras, bem como a an\u00e1lise das varia\u00e7\u00f5es na diversidade funcional e de servi\u00e7os ecol\u00f3gicos, s\u00e3o os temas em comum nas pesquisas realizadas no PPG-CB. Todas essas abordagens t\u00eam os&nbsp;<strong>objetivos<\/strong>&nbsp;de (i)&nbsp;<strong>produzir e divulgar conhecimento cient\u00edfico<\/strong>&nbsp;sobre a biodiversidade em paisagens fragmentadas, (ii)&nbsp;<strong>formar recursos humanos<\/strong>&nbsp;de alto n\u00edvel para o ensino, a pesquisa e para o gerenciamento ambiental, e (iii) colaborar para a formula\u00e7\u00e3o de pol\u00edticas p\u00fablicas de&nbsp;<strong>utiliza\u00e7\u00e3o sustent\u00e1vel, prote\u00e7\u00e3o e restaura\u00e7\u00e3o da biodiversidade<\/strong>. Esses objetivos est\u00e3o em conson\u00e2ncia com as demandas globais, nacionais e regionais, uma vez que o Norte do Paran\u00e1, que contava at\u00e9 os anos 1920 com cobertura praticamente cont\u00ednua de Mata Atl\u00e2ntica, atualmente tem a maioria de suas florestas reduzidas a pequenos fragmentos.<\/p>\n\n\n\n<p>As pesquisas desenvolvidas no PPG-CB apresentam em comum a forte conex\u00e3o com as pr\u00e1ticas de&nbsp;<strong>manejo ambiental<\/strong>&nbsp;e a formula\u00e7\u00e3o de&nbsp;<strong>pol\u00edticas p\u00fablicas<\/strong>, o que mant\u00e9m v\u00e1rios dos docentes em contato constante com t\u00e9cnicos de \u00f3rg\u00e3os estaduais e federais e de empresas com atua\u00e7\u00e3o direta na \u00e1rea ambiental. Assim, os docentes deste Programa de P\u00f3s-Gradua\u00e7\u00e3o buscam contribuir com o desenvolvimento cient\u00edfico e tecnol\u00f3gico do Brasil, com a forma\u00e7\u00e3o de recursos humanos de alto n\u00edvel e com a implementa\u00e7\u00e3o de pol\u00edticas p\u00fablicas que visam a&nbsp;<strong>utiliza\u00e7\u00e3o racional e conserva\u00e7\u00e3o da biodiversidade<\/strong>&nbsp;por meio dos estudos em diferentes escalas, desde a esp\u00e9cie at\u00e9 a paisagem.<\/p>\n\n\n\n<div style=\"height:30px\" aria-hidden=\"true\" class=\"wp-block-spacer\"><\/div>\n\n\n\n<p>Para mais informa\u00e7\u00f5es sobre as linhas de pesquisa e os projetos nelas inseridos, clicar nos bot\u00f5es abaixo:<\/p>\n\n\n\n<div style=\"height:15px\" aria-hidden=\"true\" class=\"wp-block-spacer\"><\/div>\n\n\n\n<div class=\"wp-block-buttons is-content-justification-center is-layout-flex wp-block-buttons-is-layout-flex\">\n<div class=\"wp-block-button\"><a class=\"wp-block-button__link has-primary-accent-background-color has-background\" href=\"https:\/\/pos.uel.br\/biologicas\/biodiversidade-e-conservacao-em-habitats-terrestres\/\">Biodiversidade e Conserva\u00e7\u00e3o em Habitats Terrestres<\/a><\/div>\n<\/div>\n\n\n\n<div style=\"height:15px\" aria-hidden=\"true\" class=\"wp-block-spacer\"><\/div>\n\n\n\n<div class=\"wp-block-buttons is-content-justification-center is-layout-flex wp-block-buttons-is-layout-flex\">\n<div class=\"wp-block-button\"><a class=\"wp-block-button__link has-primary-accent-background-color has-background\" href=\"https:\/\/pos.uel.br\/biologicas\/biodiversidade-e-conservacao-em-habitats-aquaticos\/\">Biodiversidade e Conserva\u00e7\u00e3o em Habitats Aqu\u00e1ticos<\/a><\/div>\n<\/div>\n\n\n\n<p><\/p>\n","protected":false},"excerpt":{"rendered":"<p>O&nbsp;Programa de P\u00f3s-Gradua\u00e7\u00e3o em Ci\u00eancias Biol\u00f3gicas (PPG-CB)&nbsp;possui uma \u00fanica \u00e1rea de concentra\u00e7\u00e3o, denominada &#8220;Biodiversidade e Conserva\u00e7\u00e3o em Habitats Fragmentados&#8220;, que conta com duas linhas de pesquisa: &#8220;Biodiversidade e Conserva\u00e7\u00e3o de Habitats Terrestres\u201d e \u201cBiodiversidade e Conserva\u00e7\u00e3o de Habitats Aqu\u00e1ticos\u201d. Essa organiza\u00e7\u00e3o do PPG-CB \u00e9 resultado do enfoque integrado em Biodiversidade, em que pesquisas sobre a [&hellip;]<\/p>\n","protected":false},"author":7,"featured_media":0,"parent":0,"menu_order":0,"comment_status":"closed","ping_status":"closed","template":"","meta":{"footnotes":""},"class_list":["post-10","page","type-page","status-publish","hentry"],"acf":[],"_links":{"self":[{"href":"https:\/\/pos.uel.br\/biologicas\/wp-json\/wp\/v2\/pages\/10","targetHints":{"allow":["GET"]}}],"collection":[{"href":"https:\/\/pos.uel.br\/biologicas\/wp-json\/wp\/v2\/pages"}],"about":[{"href":"https:\/\/pos.uel.br\/biologicas\/wp-json\/wp\/v2\/types\/page"}],"author":[{"embeddable":true,"href":"https:\/\/pos.uel.br\/biologicas\/wp-json\/wp\/v2\/users\/7"}],"replies":[{"embeddable":true,"href":"https:\/\/pos.uel.br\/biologicas\/wp-json\/wp\/v2\/comments?post=10"}],"version-history":[{"count":11,"href":"https:\/\/pos.uel.br\/biologicas\/wp-json\/wp\/v2\/pages\/10\/revisions"}],"predecessor-version":[{"id":658,"href":"https:\/\/pos.uel.br\/biologicas\/wp-json\/wp\/v2\/pages\/10\/revisions\/658"}],"wp:attachment":[{"href":"https:\/\/pos.uel.br\/biologicas\/wp-json\/wp\/v2\/media?parent=10"}],"curies":[{"name":"wp","href":"https:\/\/api.w.org\/{rel}","templated":true}]}}

<p>O&nbsp;<strong>Programa de Pós-Graduação em Ciências Biológicas (PPG-CB)</strong>&nbsp;possui uma única área de concentração, denominada &#8220;<strong>Biodiversidade e Conservação em Habitats Fragmentados</strong>&#8220;, que conta com duas linhas de pesquisa: &#8220;<strong>Biodiversidade e Conservação de Habitats Terrestres</strong>” e “<strong>Biodiversidade e Conservação de Habitats Aquáticos</strong>”. Essa organização do PPG-CB é resultado do enfoque integrado em Biodiversidade, em que pesquisas sobre a biota são consideradas sob diferentes abordagens, juntamente com aspectos do ambiente físico e da sociedade. Esse contexto é marcado pela fragmentação de hábitats e pelas interações desse fenômeno com as mudanças climáticas globais, a poluição ambiental e a ocupação desordenada do espaço pelo homem.</p>



<p>O estudo de espécies indicadoras, sensíveis ou raras, bem como a análise das variações na diversidade funcional e de serviços ecológicos, são os temas em comum nas pesquisas realizadas no PPG-CB. Todas essas abordagens têm os&nbsp;<strong>objetivos</strong>&nbsp;de (i)&nbsp;<strong>produzir e divulgar conhecimento científico</strong>&nbsp;sobre a biodiversidade em paisagens fragmentadas, (ii)&nbsp;<strong>formar recursos humanos</strong>&nbsp;de alto nível para o ensino, a pesquisa e para o gerenciamento ambiental, e (iii) colaborar para a formulação de políticas públicas de&nbsp;<strong>utilização sustentável, proteção e restauração da biodiversidade</strong>. Esses objetivos estão em consonância com as demandas globais, nacionais e regionais, uma vez que o Norte do Paraná, que contava até os anos 1920 com cobertura praticamente contínua de Mata Atlântica, atualmente tem a maioria de suas florestas reduzidas a pequenos fragmentos.</p>



<p>As pesquisas desenvolvidas no PPG-CB apresentam em comum a forte conexão com as práticas de&nbsp;<strong>manejo ambiental</strong>&nbsp;e a formulação de&nbsp;<strong>políticas públicas</strong>, o que mantém vários dos docentes em contato constante com técnicos de órgãos estaduais e federais e de empresas com atuação direta na área ambiental. Assim, os docentes deste Programa de Pós-Graduação buscam contribuir com o desenvolvimento científico e tecnológico do Brasil, com a formação de recursos humanos de alto nível e com a implementação de políticas públicas que visam a&nbsp;<strong>utilização racional e conservação da biodiversidade</strong>&nbsp;por meio dos estudos em diferentes escalas, desde a espécie até a paisagem.</p>



<div style="height:30px" aria-hidden="true" class="wp-block-spacer"></div>



<p>Para mais informações sobre as linhas de pesquisa e os projetos nelas inseridos, clicar nos botões abaixo:</p>



<div style="height:15px" aria-hidden="true" class="wp-block-spacer"></div>



<div class="wp-block-buttons is-content-justification-center is-layout-flex wp-block-buttons-is-layout-flex">
<div class="wp-block-button"><a class="wp-block-button__link has-primary-accent-background-color has-background" href="https://pos.uel.br/biologicas/biodiversidade-e-conservacao-em-habitats-terrestres/">Biodiversidade e Conservação em Habitats Terrestres</a></div>
</div>



<div style="height:15px" aria-hidden="true" class="wp-block-spacer"></div>



<div class="wp-block-buttons is-content-justification-center is-layout-flex wp-block-buttons-is-layout-flex">
<div class="wp-block-button"><a class="wp-block-button__link has-primary-accent-background-color has-background" href="https://pos.uel.br/biologicas/biodiversidade-e-conservacao-em-habitats-aquaticos/">Biodiversidade e Conservação em Habitats Aquáticos</a></div>
</div>



<p></p>

<p>O&nbsp;Programa de Pós-Graduação em Ciências Biológicas (PPG-CB)&nbsp;possui uma única área de concentração, denominada &#8220;Biodiversidade e Conservação em Habitats Fragmentados&#8220;, que conta com duas linhas de pesquisa: &#8220;Biodiversidade e Conservação de Habitats Terrestres” e “Biodiversidade e Conservação de Habitats Aquáticos”. Essa organização do PPG-CB é resultado do enfoque integrado em Biodiversidade, em que pesquisas sobre a [&hellip;]</p>
