{"id":195,"date":"2024-10-16T15:27:29","date_gmt":"2024-10-16T18:27:29","guid":{"rendered":"https:\/\/pos.uel.br\/biologiatd\/?page_id=195"},"modified":"2025-09-09T11:35:17","modified_gmt":"2025-09-09T14:35:17","slug":"secretaria-2","status":"publish","type":"page","link":"https:\/\/pos.uel.br\/biologiatd\/secretaria-2\/","title":{"rendered":"Secretaria Lato Sensu"},"content":{"rendered":"\n<p><strong>SECRETARIA DE P\u00d3S-GRADUA\u00c7\u00c3O LATO SENSU &#8211; CCB<br><\/strong><\/p>\n\n\n\n<p>E-mail:&nbsp;<a href=\"mailto:latosensuccb@uel.br\"><strong>latosensuccb@uel.br<\/strong><\/a><\/p>\n\n\n\n<p>Fone:&nbsp;<strong>(43) 3371-4217<\/strong><\/p>\n\n\n\n<p><strong>Hor\u00e1rio de atendimento:<\/strong> segunda \u00e0 sexta-feira, das 9h \u00e0s 12h e das 14h \u00e0s 17h.<\/p>\n\n\n\n<p><\/p>\n","protected":false},"excerpt":{"rendered":"<p>SECRETARIA DE P\u00d3S-GRADUA\u00c7\u00c3O LATO SENSU &#8211; CCB E-mail:&nbsp;latosensuccb@uel.br Fone:&nbsp;(43) 3371-4217 Hor\u00e1rio de atendimento: segunda \u00e0 sexta-feira, das 9h \u00e0s 12h e das 14h \u00e0s 17h.<\/p>\n","protected":false},"author":5,"featured_media":0,"parent":0,"menu_order":0,"comment_status":"closed","ping_status":"closed","template":"","meta":{"_acf_changed":false,"footnotes":""},"class_list":["post-195","page","type-page","status-publish","hentry"],"acf":[],"_links":{"self":[{"href":"https:\/\/pos.uel.br\/biologiatd\/wp-json\/wp\/v2\/pages\/195","targetHints":{"allow":["GET"]}}],"collection":[{"href":"https:\/\/pos.uel.br\/biologiatd\/wp-json\/wp\/v2\/pages"}],"about":[{"href":"https:\/\/pos.uel.br\/biologiatd\/wp-json\/wp\/v2\/types\/page"}],"author":[{"embeddable":true,"href":"https:\/\/pos.uel.br\/biologiatd\/wp-json\/wp\/v2\/users\/5"}],"replies":[{"embeddable":true,"href":"https:\/\/pos.uel.br\/biologiatd\/wp-json\/wp\/v2\/comments?post=195"}],"version-history":[{"count":6,"href":"https:\/\/pos.uel.br\/biologiatd\/wp-json\/wp\/v2\/pages\/195\/revisions"}],"predecessor-version":[{"id":296,"href":"https:\/\/pos.uel.br\/biologiatd\/wp-json\/wp\/v2\/pages\/195\/revisions\/296"}],"wp:attachment":[{"href":"https:\/\/pos.uel.br\/biologiatd\/wp-json\/wp\/v2\/media?parent=195"}],"curies":[{"name":"wp","href":"https:\/\/api.w.org\/{rel}","templated":true}]}}