{"id":262,"date":"2026-02-10T09:33:15","date_gmt":"2026-02-10T12:33:15","guid":{"rendered":"https:\/\/pos.uel.br\/bioenergia\/?page_id=262"},"modified":"2026-02-10T09:33:15","modified_gmt":"2026-02-10T12:33:15","slug":"edital-no-01-2026-oferta-estudante-especial-2026-01","status":"publish","type":"page","link":"https:\/\/pos.uel.br\/bioenergia\/edital-no-01-2026-oferta-estudante-especial-2026-01\/","title":{"rendered":"EDITAL N\u00ba 01\/2026\u2013 Oferta Estudante Especial \u2013 2026\/01"},"content":{"rendered":"\n<p>A Comiss\u00e3o Coordenadora do Programa de P\u00f3s-Gradua\u00e7\u00e3o em<br>Bioenergia, da Universidade Estadual de Londrina-UEL, no uso de suas atribui\u00e7\u00f5es<br>administrativas e em conformidade com o Edital PROPPG\/DPG\/DAM, torna p\u00fablico<br>aos interessados as normas e os procedimentos a serem obedecidos no processo<br>de sele\u00e7\u00e3o para o preenchimento de vagas como estudantes especiais de Mestrado<br>e\/ou Doutorado, a terem in\u00edcio no primeiro per\u00edodo letivo de 2026, em 16 de mar\u00e7o<br>de 2026.<\/p>\n\n\n\n<p><\/p>\n\n\n\n<p><a href=\"https:\/\/pos.uel.br\/bioenergia\/wp-content\/uploads\/2026\/02\/Edital_BIOENERGIA_001_26_Oferta_Especial_2026-1_assinado.pdf\" target=\"_blank\" rel=\"noreferrer noopener\">Edital<\/a><\/p>\n\n\n\n<p><a href=\"https:\/\/drive.google.com\/drive\/folders\/1_IIfFLh47MJWY_BYvgYYFeUk0odqTUJ1?usp=sharing\" target=\"_blank\" rel=\"noreferrer noopener\">Anexos<\/a><\/p>\n\n\n\n<p><\/p>\n","protected":false},"excerpt":{"rendered":"<p>A Comiss\u00e3o Coordenadora do Programa de P\u00f3s-Gradua\u00e7\u00e3o emBioenergia, da Universidade Estadual de Londrina-UEL, no uso de suas atribui\u00e7\u00f5esadministrativas e em conformidade com o Edital PROPPG\/DPG\/DAM, torna p\u00fablicoaos interessados as normas e os procedimentos a serem obedecidos no processode sele\u00e7\u00e3o para o preenchimento de vagas como estudantes especiais de Mestradoe\/ou Doutorado, a terem in\u00edcio no primeiro [&hellip;]<\/p>\n","protected":false},"author":11,"featured_media":0,"parent":0,"menu_order":0,"comment_status":"closed","ping_status":"closed","template":"","meta":{"footnotes":""},"class_list":["post-262","page","type-page","status-publish","hentry"],"_links":{"self":[{"href":"https:\/\/pos.uel.br\/bioenergia\/wp-json\/wp\/v2\/pages\/262","targetHints":{"allow":["GET"]}}],"collection":[{"href":"https:\/\/pos.uel.br\/bioenergia\/wp-json\/wp\/v2\/pages"}],"about":[{"href":"https:\/\/pos.uel.br\/bioenergia\/wp-json\/wp\/v2\/types\/page"}],"author":[{"embeddable":true,"href":"https:\/\/pos.uel.br\/bioenergia\/wp-json\/wp\/v2\/users\/11"}],"replies":[{"embeddable":true,"href":"https:\/\/pos.uel.br\/bioenergia\/wp-json\/wp\/v2\/comments?post=262"}],"version-history":[{"count":1,"href":"https:\/\/pos.uel.br\/bioenergia\/wp-json\/wp\/v2\/pages\/262\/revisions"}],"predecessor-version":[{"id":264,"href":"https:\/\/pos.uel.br\/bioenergia\/wp-json\/wp\/v2\/pages\/262\/revisions\/264"}],"wp:attachment":[{"href":"https:\/\/pos.uel.br\/bioenergia\/wp-json\/wp\/v2\/media?parent=262"}],"curies":[{"name":"wp","href":"https:\/\/api.w.org\/{rel}","templated":true}]}}

EDITAL Nº 01/2026– Oferta Estudante Especial – 2026/01

<p>A Comissão Coordenadora do Programa de Pós-Graduação em<br>Bioenergia, da Universidade Estadual de Londrina-UEL, no uso de suas atribuições<br>administrativas e em conformidade com o Edital PROPPG/DPG/DAM, torna público<br>aos interessados as normas e os procedimentos a serem obedecidos no processo<br>de seleção para o preenchimento de vagas como estudantes especiais de Mestrado<br>e/ou Doutorado, a terem início no primeiro período letivo de 2026, em 16 de março<br>de 2026.</p>



<p></p>



<p><a href="https://pos.uel.br/bioenergia/wp-content/uploads/2026/02/Edital_BIOENERGIA_001_26_Oferta_Especial_2026-1_assinado.pdf" target="_blank" rel="noreferrer noopener">Edital</a></p>



<p><a href="https://drive.google.com/drive/folders/1_IIfFLh47MJWY_BYvgYYFeUk0odqTUJ1?usp=sharing" target="_blank" rel="noreferrer noopener">Anexos</a></p>



<p></p>

<p>A Comissão Coordenadora do Programa de Pós-Graduação emBioenergia, da Universidade Estadual de Londrina-UEL, no uso de suas atribuiçõesadministrativas e em conformidade com o Edital PROPPG/DPG/DAM, torna públicoaos interessados as normas e os procedimentos a serem obedecidos no processode seleção para o preenchimento de vagas como estudantes especiais de Mestradoe/ou Doutorado, a terem início no primeiro [&hellip;]</p>
