{"id":26,"date":"2021-04-29T12:31:34","date_gmt":"2021-04-29T15:31:34","guid":{"rendered":"https:\/\/pos.uel.br\/bioenergia\/?page_id=26"},"modified":"2025-10-05T12:51:58","modified_gmt":"2025-10-05T15:51:58","slug":"historico","status":"publish","type":"page","link":"https:\/\/pos.uel.br\/bioenergia\/historico\/","title":{"rendered":"Apresenta\u00e7\u00e3o"},"content":{"rendered":"\n<figure class=\"wp-block-image size-full is-resized\"><img loading=\"lazy\" decoding=\"async\" width=\"453\" height=\"259\" src=\"https:\/\/pos.uel.br\/bioenergia\/wp-content\/uploads\/2025\/10\/Captura-de-tela-2025-10-05-124333.png\" alt=\"\" class=\"wp-image-102\" style=\"width:349px;height:auto\" srcset=\"https:\/\/pos.uel.br\/bioenergia\/wp-content\/uploads\/2025\/10\/Captura-de-tela-2025-10-05-124333.png 453w, https:\/\/pos.uel.br\/bioenergia\/wp-content\/uploads\/2025\/10\/Captura-de-tela-2025-10-05-124333-300x172.png 300w\" sizes=\"auto, (max-width: 453px) 100vw, 453px\" \/><\/figure>\n\n\n\n<p>O Programa de P\u00f3s-Gradua\u00e7\u00e3o em Bioenergia (PPGB) Stricto Sensu, n\u00edvel de Mestrado Acad\u00eamico foi aprovado em 02 de outubro de 2009 pelo CTCES\/Capes. Iniciou suas atividades em mar\u00e7o de 2010 e foi homologado pelo Conselho Nacional de Educa\u00e7\u00e3o atrav\u00e9s da Port. MEC 979, de 26\/07\/2012, em sua se\u00e7\u00e3o 1, p\u00e1gina 10. Em 2023 a CAPES na 223\u00aa Reuni\u00e3o do CTC-ES, que ocorreu de 14 a 18 de agosto de 2023 aprovou o Doutorado em Bioenergia.<\/p>\n\n\n\n<p>O Bioenergia \u00e9 um Programa Associado em Rede, sendo esta constitu\u00edda pelas seguintes IES e institutos de pesquisa: Embrapa-PR, Iapar, UEL, UEM, UEPG, UNICENTRO, UNIOESTE, UFPR e UTFPR.<\/p>\n\n\n\n<p>As institui\u00e7\u00f5es nucleadoras s\u00e3o a UEL, UFPR, UEM, UEPG, UNIOESTE e UNICENTRO, respons\u00e1veis por todas&nbsp;as atividades administrativas e pedag\u00f3gicas do Programa, sendo as demais institui\u00e7\u00f5es colaboradoras.<\/p>\n\n\n\n<p>O Bioenergia \u00e9 um curso interdisciplinar da C\u00e2mara III: Engenharia, Tecnologia e Gest\u00e3o. Desta forma profissionais das \u00e1reas de&nbsp;engenharias, tecnol\u00f3gicos&nbsp;<\/p>\n\n\n\n<p>(Qu\u00edmica, F\u00edsica, Biotecnologia, Biologia, etc.) e gest\u00e3o (Administra\u00e7\u00e3o, Economia, etc.).<\/p>\n\n\n\n<p><\/p>\n\n\n\n<p><strong>Os egressos do programa obter\u00e3o o t\u00edtulo na \u00c1rea de Bioenergia em uma das linhas&nbsp; de pesquisa, Biocombust\u00edveis ou Energias Renov\u00e1veis, al\u00e9m &nbsp;da <strong>especifica\u00e7\u00e3o das&nbsp; \u00e1reas de atua\u00e7\u00e3o do egresso no PPGB (ex. Engenharia, Biologia e Qu\u00edmica).<\/strong> <\/strong><\/p>\n\n\n\n<p>Considerando que no Paran\u00e1 reside um grande n\u00famero de Institui\u00e7\u00f5es de ensino superior e de pesquisa, as quais abrigam grande capacidade de infra-estrutura e de recursos humanos qualificados e s\u00e3o, em parte, consolidadas e reconhecidas como importantes institui\u00e7\u00f5es acad\u00eamicas e geradoras de conhecimento cient\u00edfico, verificou-se a necessidade de consolidar e ampliar a forma\u00e7\u00e3o de recursos humanos qualificados para atuar nas tem\u00e1ticas de Biocombust\u00edveis e Energias Renov\u00e1veis.<\/p>\n\n\n\n<p>A coordena\u00e7\u00e3o geral do PPGB vem sendo alternada pela IES Associadas Nucleadoras , a cada avalia\u00e7\u00e3o de \u00e1rea\/Capes.<\/p>\n\n\n<div class=\"wp-block-image\">\n<figure class=\"aligncenter size-full\"><img loading=\"lazy\" decoding=\"async\" width=\"716\" height=\"204\" src=\"https:\/\/pos.uel.br\/bioenergia\/wp-content\/uploads\/2025\/10\/Captura-de-tela-2025-10-05-124523.png\" alt=\"\" class=\"wp-image-103\" srcset=\"https:\/\/pos.uel.br\/bioenergia\/wp-content\/uploads\/2025\/10\/Captura-de-tela-2025-10-05-124523.png 716w, https:\/\/pos.uel.br\/bioenergia\/wp-content\/uploads\/2025\/10\/Captura-de-tela-2025-10-05-124523-300x85.png 300w\" sizes=\"auto, (max-width: 716px) 100vw, 716px\" \/><\/figure>\n<\/div>","protected":false},"excerpt":{"rendered":"<p>O Programa de P\u00f3s-Gradua\u00e7\u00e3o em Bioenergia (PPGB) Stricto Sensu, n\u00edvel de Mestrado Acad\u00eamico foi aprovado em 02 de outubro de 2009 pelo CTCES\/Capes. Iniciou suas atividades em mar\u00e7o de 2010 e foi homologado pelo Conselho Nacional de Educa\u00e7\u00e3o atrav\u00e9s da Port. MEC 979, de 26\/07\/2012, em sua se\u00e7\u00e3o 1, p\u00e1gina 10. Em 2023 a CAPES [&hellip;]<\/p>\n","protected":false},"author":7,"featured_media":0,"parent":0,"menu_order":0,"comment_status":"closed","ping_status":"closed","template":"","meta":{"footnotes":""},"class_list":["post-26","page","type-page","status-publish","hentry"],"_links":{"self":[{"href":"https:\/\/pos.uel.br\/bioenergia\/wp-json\/wp\/v2\/pages\/26","targetHints":{"allow":["GET"]}}],"collection":[{"href":"https:\/\/pos.uel.br\/bioenergia\/wp-json\/wp\/v2\/pages"}],"about":[{"href":"https:\/\/pos.uel.br\/bioenergia\/wp-json\/wp\/v2\/types\/page"}],"author":[{"embeddable":true,"href":"https:\/\/pos.uel.br\/bioenergia\/wp-json\/wp\/v2\/users\/7"}],"replies":[{"embeddable":true,"href":"https:\/\/pos.uel.br\/bioenergia\/wp-json\/wp\/v2\/comments?post=26"}],"version-history":[{"count":4,"href":"https:\/\/pos.uel.br\/bioenergia\/wp-json\/wp\/v2\/pages\/26\/revisions"}],"predecessor-version":[{"id":105,"href":"https:\/\/pos.uel.br\/bioenergia\/wp-json\/wp\/v2\/pages\/26\/revisions\/105"}],"wp:attachment":[{"href":"https:\/\/pos.uel.br\/bioenergia\/wp-json\/wp\/v2\/media?parent=26"}],"curies":[{"name":"wp","href":"https:\/\/api.w.org\/{rel}","templated":true}]}}