{"id":255,"date":"2025-12-08T10:55:46","date_gmt":"2025-12-08T13:55:46","guid":{"rendered":"https:\/\/pos.uel.br\/bioenergia\/?page_id=255"},"modified":"2025-12-08T10:57:05","modified_gmt":"2025-12-08T13:57:05","slug":"edital-resultado-no-010-2025-resultado-e-convocacao-para-matricula","status":"publish","type":"page","link":"https:\/\/pos.uel.br\/bioenergia\/edital-resultado-no-010-2025-resultado-e-convocacao-para-matricula\/","title":{"rendered":"EDITAL RESULTADO N\u00ba 010\/2025 \u2013 Resultado Final"},"content":{"rendered":"\n<p><em>A Comiss\u00e3o Coordenadora do Programa de P\u00f3s-Gradua\u00e7\u00e3o em Bioenergia, da Universidade Estadual de Londrina-UEL, no uso de suas atribui\u00e7\u00f5es administrativas e em conformidade com o Edital de abertura de vagas, TORNA P\u00daBLICA a convoca\u00e7\u00e3o para matr\u00edcula dos candidatos classificados para ingresso no curso de Mestrado, com o in\u00edcio no primeiro semestre de 2026, em 16 de mar\u00e7o de 2026.<\/em><\/p>\n\n\n\n<div data-wp-interactive=\"core\/file\" class=\"wp-block-file\"><object data-wp-bind--hidden=\"!state.hasPdfPreview\" hidden class=\"wp-block-file__embed\" data=\"https:\/\/pos.uel.br\/bioenergia\/wp-content\/uploads\/2025\/12\/Edital_BIOE_2025_Resultado-2026-01_mestrado.pdf\" type=\"application\/pdf\" style=\"width:100%;height:600px\" aria-label=\"Incorporado de Edital_BIOE_2025_Resultado-2026-01_mestrado.\"><\/object><a id=\"wp-block-file--media-77d74be7-0ca4-46ef-a58d-12b289214081\" href=\"https:\/\/pos.uel.br\/bioenergia\/wp-content\/uploads\/2025\/12\/Edital_BIOE_2025_Resultado-2026-01_mestrado.pdf\">Edital_BIOE_2025_Resultado-2026-01_mestrado<\/a><a href=\"https:\/\/pos.uel.br\/bioenergia\/wp-content\/uploads\/2025\/12\/Edital_BIOE_2025_Resultado-2026-01_mestrado.pdf\" class=\"wp-block-file__button wp-element-button\" download aria-describedby=\"wp-block-file--media-77d74be7-0ca4-46ef-a58d-12b289214081\">Baixar<\/a><\/div>\n\n\n<div class=\"wp-block-archives-list wp-block-archives\">N\u00e3o h\u00e1 arquivos para mostrar.<\/div>","protected":false},"excerpt":{"rendered":"<p>A Comiss\u00e3o Coordenadora do Programa de P\u00f3s-Gradua\u00e7\u00e3o em Bioenergia, da Universidade Estadual de Londrina-UEL, no uso de suas atribui\u00e7\u00f5es administrativas e em conformidade com o Edital de abertura de vagas, TORNA P\u00daBLICA a convoca\u00e7\u00e3o para matr\u00edcula dos candidatos classificados para ingresso no curso de Mestrado, com o in\u00edcio no primeiro semestre de 2026, em 16 [&hellip;]<\/p>\n","protected":false},"author":11,"featured_media":0,"parent":0,"menu_order":0,"comment_status":"closed","ping_status":"closed","template":"","meta":{"footnotes":""},"class_list":["post-255","page","type-page","status-publish","hentry"],"_links":{"self":[{"href":"https:\/\/pos.uel.br\/bioenergia\/wp-json\/wp\/v2\/pages\/255","targetHints":{"allow":["GET"]}}],"collection":[{"href":"https:\/\/pos.uel.br\/bioenergia\/wp-json\/wp\/v2\/pages"}],"about":[{"href":"https:\/\/pos.uel.br\/bioenergia\/wp-json\/wp\/v2\/types\/page"}],"author":[{"embeddable":true,"href":"https:\/\/pos.uel.br\/bioenergia\/wp-json\/wp\/v2\/users\/11"}],"replies":[{"embeddable":true,"href":"https:\/\/pos.uel.br\/bioenergia\/wp-json\/wp\/v2\/comments?post=255"}],"version-history":[{"count":2,"href":"https:\/\/pos.uel.br\/bioenergia\/wp-json\/wp\/v2\/pages\/255\/revisions"}],"predecessor-version":[{"id":258,"href":"https:\/\/pos.uel.br\/bioenergia\/wp-json\/wp\/v2\/pages\/255\/revisions\/258"}],"wp:attachment":[{"href":"https:\/\/pos.uel.br\/bioenergia\/wp-json\/wp\/v2\/media?parent=255"}],"curies":[{"name":"wp","href":"https:\/\/api.w.org\/{rel}","templated":true}]}}

EDITAL RESULTADO Nº 010/2025 – Resultado Final

<p><em>A Comissão Coordenadora do Programa de Pós-Graduação em Bioenergia, da Universidade Estadual de Londrina-UEL, no uso de suas atribuições administrativas e em conformidade com o Edital de abertura de vagas, TORNA PÚBLICA a convocação para matrícula dos candidatos classificados para ingresso no curso de Mestrado, com o início no primeiro semestre de 2026, em 16 de março de 2026.</em></p>



<div data-wp-interactive="core/file" class="wp-block-file"><object data-wp-bind--hidden="!state.hasPdfPreview" hidden class="wp-block-file__embed" data="https://pos.uel.br/bioenergia/wp-content/uploads/2025/12/Edital_BIOE_2025_Resultado-2026-01_mestrado.pdf" type="application/pdf" style="width:100%;height:600px" aria-label="Incorporado de Edital_BIOE_2025_Resultado-2026-01_mestrado."></object><a id="wp-block-file--media-77d74be7-0ca4-46ef-a58d-12b289214081" href="https://pos.uel.br/bioenergia/wp-content/uploads/2025/12/Edital_BIOE_2025_Resultado-2026-01_mestrado.pdf">Edital_BIOE_2025_Resultado-2026-01_mestrado</a><a href="https://pos.uel.br/bioenergia/wp-content/uploads/2025/12/Edital_BIOE_2025_Resultado-2026-01_mestrado.pdf" class="wp-block-file__button wp-element-button" download aria-describedby="wp-block-file--media-77d74be7-0ca4-46ef-a58d-12b289214081">Baixar</a></div>


<div class="wp-block-archives-list wp-block-archives">Não há arquivos para mostrar.</div>

<p>A Comissão Coordenadora do Programa de Pós-Graduação em Bioenergia, da Universidade Estadual de Londrina-UEL, no uso de suas atribuições administrativas e em conformidade com o Edital de abertura de vagas, TORNA PÚBLICA a convocação para matrícula dos candidatos classificados para ingresso no curso de Mestrado, com o início no primeiro semestre de 2026, em 16 [&hellip;]</p>
