{"id":151,"date":"2025-10-17T11:18:36","date_gmt":"2025-10-17T14:18:36","guid":{"rendered":"https:\/\/pos.uel.br\/bioenergia\/?page_id=151"},"modified":"2025-10-22T15:32:11","modified_gmt":"2025-10-22T18:32:11","slug":"unioeste-universidade-estadual-do-oeste-do-parana","status":"publish","type":"page","link":"https:\/\/pos.uel.br\/bioenergia\/unioeste-universidade-estadual-do-oeste-do-parana\/","title":{"rendered":"UNIOESTE &#8211; Universidade Estadual do Oeste do Paran\u00e1"},"content":{"rendered":"\n<figure class=\"wp-block-image size-large\"><img loading=\"lazy\" decoding=\"async\" width=\"1024\" height=\"117\" src=\"https:\/\/pos.uel.br\/bioenergia\/wp-content\/uploads\/2025\/10\/Captura-de-tela-2025-10-17-112413-1024x117.png\" alt=\"\" class=\"wp-image-158\" srcset=\"https:\/\/pos.uel.br\/bioenergia\/wp-content\/uploads\/2025\/10\/Captura-de-tela-2025-10-17-112413-1024x117.png 1024w, https:\/\/pos.uel.br\/bioenergia\/wp-content\/uploads\/2025\/10\/Captura-de-tela-2025-10-17-112413-300x34.png 300w, https:\/\/pos.uel.br\/bioenergia\/wp-content\/uploads\/2025\/10\/Captura-de-tela-2025-10-17-112413-768x88.png 768w, https:\/\/pos.uel.br\/bioenergia\/wp-content\/uploads\/2025\/10\/Captura-de-tela-2025-10-17-112413.png 1426w\" sizes=\"auto, (max-width: 1024px) 100vw, 1024px\" \/><\/figure>\n\n\n\n<figure class=\"wp-block-table\"><table class=\"has-fixed-layout\"><tbody><tr><td><strong>PROFESSOR<\/strong><\/td><td><strong>STATUS ORIENTADOR<\/strong><\/td><td><strong>ATUA\u00c7\u00c2O NO PPGB<\/strong><\/td><td><strong>FORMA\u00c7\u00c3O<\/strong><\/td><td><strong>LINHA DE PESQUISA<\/strong><\/td><td><strong>E-MAIL<\/strong><\/td><\/tr><tr><td><a href=\"http:\/\/lattes.cnpq.br\/5816154426026699\"><strong>ADILSON RICKEN SCHUELTER<\/strong><\/a><\/td><td>Colaborador<br>(UDC)<\/td><td>Mestrado<\/td><td>Gradua\u00e7\u00e3o: Engenharia Qu\u00edmica<br>Doutorado: Gen\u00e9tica e Melhoramento (UFV-MG)<\/td><td>Biocombust\u00edveis<\/td><td><a href=\"mailto:adilson.schuelter@unioeste.br\"><em>adilson.schuelter@unioeste.br<\/em><\/a><\/td><\/tr><tr><td><a href=\"http:\/\/lattes.cnpq.br\/9304493875700070\" target=\"_blank\" rel=\"noreferrer noopener\"><strong>EDSON ANTONIO DA SILVA<\/strong><\/a><\/td><td>Permanente<\/td><td>Mestrado e Doutorado<\/td><td>Gradua\u00e7\u00e3o: Engenharia Qu\u00edmica<br>Doutorado: Desenv. Processos Qu\u00edmicos (UNICAMP)<\/td><td>Biocombust\u00edveis<br>Energias Renov\u00e1veis<\/td><td><em><a href=\"https:\/\/mail.google.com\/mail\/?view=cm&amp;fs=1&amp;tf=1&amp;to=edsondeq@hotmail.com\" target=\"_blank\" rel=\"noreferrer noopener\">edsondeq@hotmail.com<\/a><\/em><\/td><\/tr><tr><td><a href=\"http:\/\/lattes.cnpq.br\/4348885757947045\"><strong>MARCIA REGINA FAGUNDES KLEN<\/strong><\/a><\/td><td>Colaboradora<\/td><td>Mestrado<\/td><td>Gradua\u00e7\u00e3o: Qu\u00edmica Industrial<br>Doutorado: Engenharia Qu\u00edmica (UEM)<\/td><td>Biocombust\u00edveis<\/td><td><a href=\"mailto:marcia.klen@unioeste.br\"><em>marcia.klen@unioeste.br<\/em><\/a><\/td><\/tr><tr><td><a href=\"http:\/\/lattes.cnpq.br\/5773105347762056\" target=\"_blank\" rel=\"noreferrer noopener\"><strong>MARIA LUIZA FERNANDES RODRIGUES<\/strong><\/a><\/td><td>Permanente<\/td><td>Mestrado e Doutorado<\/td><td>Gradua\u00e7\u00e3o: Qu\u00edmica<br>Doutorado: Qu\u00edmica (UFPR)<\/td><td>Biocombust\u00edveis<\/td><td><em><a href=\"https:\/\/mail.google.com\/mail\/?view=cm&amp;fs=1&amp;tf=1&amp;to=mlmfernandes@hotmail.com\" target=\"_blank\" rel=\"noreferrer noopener\">mlmfernandes@hotmail.com<\/a><\/em><\/td><\/tr><tr><td><a href=\"http:\/\/lattes.cnpq.br\/1583339937667600\"><strong>PRISCILA VAZ DE ARRUDA<\/strong><\/a><\/td><td>Permanente<br>(UTFPR)<\/td><td>Mestrado<\/td><td>Gradua\u00e7\u00e3o: Engenharia Bioqu\u00edmica<br>Doutorado: Biotecnologia Industrial (USP)<\/td><td>Biocombust\u00edveis<\/td><td><a href=\"mailto:priscilaarruda@utfpr.edu.br\"><em>priscilaarruda@utfpr.edu.br<\/em><\/a><\/td><\/tr><tr><td><a href=\"http:\/\/lattes.cnpq.br\/4225442402720592\" target=\"_blank\" rel=\"noreferrer noopener\"><strong>SALAH DIN MAHMUD HASAN<\/strong><\/a><\/td><td>Permanente<\/td><td>Mestrado e Doutorado<\/td><td>Gradua\u00e7\u00e3o:\u00a0Engenharia Qu\u00edmica<br>Doutorado: Engenharia Qu\u00edmica (UNICAMP)<br><br><\/td><td>Biocombust\u00edveis<\/td><td><a href=\"mailto:salahdmh@gmail.com\"><em>salahdmh@gmail.com<\/em><\/a><\/td><\/tr><tr><td><a href=\"http:\/\/lattes.cnpq.br\/3362104483832351\"><strong>SIMONE DAMASCENO GOMES<\/strong><\/a><\/td><td>Permanente<\/td><td>Mestrado<\/td><td>Gradua\u00e7\u00e3o: Engenharia Agron\u00f4mica<br>Doutorado: Agronomia (UNESP)<\/td><td>Biocombust\u00edveis<\/td><td><a href=\"mailto:simone.gomes@unioeste.br\"><em>simone.gomes@unioeste.br<\/em><\/a><\/td><\/tr><tr><td><a href=\"http:\/\/lattes.cnpq.br\/4685833009997780\" target=\"_blank\" rel=\"noreferrer noopener\"><strong>TATIANA RODRIGUES DA SILVA BAUMG\u00c4RTNER<\/strong><\/a><\/td><td>Permanente<\/td><td>Mestrado<\/td><td>Gradua\u00e7\u00e3o: Engenharia Qu\u00edmica<br>Doutorado: Engenharia Qu\u00edmica (UEM)<\/td><td>Biocombust\u00edveis<\/td><td><a href=\"mailto:tatiana.baumgartner@unioeste.br\"><em>tatiana.baumgartner@unioeste.br<\/em><\/a><\/td><\/tr><\/tbody><\/table><\/figure>\n","protected":false},"excerpt":{"rendered":"<p>PROFESSOR STATUS ORIENTADOR ATUA\u00c7\u00c2O NO PPGB FORMA\u00c7\u00c3O LINHA DE PESQUISA E-MAIL ADILSON RICKEN SCHUELTER Colaborador(UDC) Mestrado Gradua\u00e7\u00e3o: Engenharia Qu\u00edmicaDoutorado: Gen\u00e9tica e Melhoramento (UFV-MG) Biocombust\u00edveis adilson.schuelter@unioeste.br EDSON ANTONIO DA SILVA Permanente Mestrado e Doutorado Gradua\u00e7\u00e3o: Engenharia Qu\u00edmicaDoutorado: Desenv. Processos Qu\u00edmicos (UNICAMP) Biocombust\u00edveisEnergias Renov\u00e1veis edsondeq@hotmail.com MARCIA REGINA FAGUNDES KLEN Colaboradora Mestrado Gradua\u00e7\u00e3o: Qu\u00edmica IndustrialDoutorado: Engenharia Qu\u00edmica (UEM) [&hellip;]<\/p>\n","protected":false},"author":11,"featured_media":0,"parent":0,"menu_order":0,"comment_status":"closed","ping_status":"closed","template":"","meta":{"footnotes":""},"class_list":["post-151","page","type-page","status-publish","hentry"],"_links":{"self":[{"href":"https:\/\/pos.uel.br\/bioenergia\/wp-json\/wp\/v2\/pages\/151","targetHints":{"allow":["GET"]}}],"collection":[{"href":"https:\/\/pos.uel.br\/bioenergia\/wp-json\/wp\/v2\/pages"}],"about":[{"href":"https:\/\/pos.uel.br\/bioenergia\/wp-json\/wp\/v2\/types\/page"}],"author":[{"embeddable":true,"href":"https:\/\/pos.uel.br\/bioenergia\/wp-json\/wp\/v2\/users\/11"}],"replies":[{"embeddable":true,"href":"https:\/\/pos.uel.br\/bioenergia\/wp-json\/wp\/v2\/comments?post=151"}],"version-history":[{"count":5,"href":"https:\/\/pos.uel.br\/bioenergia\/wp-json\/wp\/v2\/pages\/151\/revisions"}],"predecessor-version":[{"id":202,"href":"https:\/\/pos.uel.br\/bioenergia\/wp-json\/wp\/v2\/pages\/151\/revisions\/202"}],"wp:attachment":[{"href":"https:\/\/pos.uel.br\/bioenergia\/wp-json\/wp\/v2\/media?parent=151"}],"curies":[{"name":"wp","href":"https:\/\/api.w.org\/{rel}","templated":true}]}}