{"id":37,"date":"2025-04-03T13:28:34","date_gmt":"2025-04-03T16:28:34","guid":{"rendered":"https:\/\/pos.uel.br\/bigdeep\/?page_id=37"},"modified":"2025-08-19T14:58:26","modified_gmt":"2025-08-19T17:58:26","slug":"coordenacao-e-secretaria","status":"publish","type":"page","link":"https:\/\/pos.uel.br\/bigdeep\/coordenacao-e-secretaria\/","title":{"rendered":"Coordena\u00e7\u00e3o e Secretaria"},"content":{"rendered":"\n<p><\/p>\n\n\n\n<p><strong>SECRETARIA <\/strong><\/p>\n\n\n\n<p>L\u00facia Lemes<\/p>\n\n\n\n<p>Fone:&nbsp;<strong>(43) 3371-4711<\/strong><\/p>\n\n\n\n<p><\/p>\n\n\n\n<p><strong>COORDENA\u00c7\u00c3O<\/strong><\/p>\n\n\n\n<p>Prof. Dr. Jacques Du\u00edlio Brancher<\/p>\n\n\n\n<p>Fone: <strong>(43) 3371-4636<\/strong><\/p>\n\n\n\n<p>WhatsApp: <strong>(43) 99614-3025<\/strong><\/p>\n\n\n\n<p>Email: <strong>jacques@uel.br<\/strong><\/p>\n","protected":false},"excerpt":{"rendered":"<p>SECRETARIA L\u00facia Lemes Fone:&nbsp;(43) 3371-4711 COORDENA\u00c7\u00c3O Prof. Dr. Jacques Du\u00edlio Brancher Fone: (43) 3371-4636 WhatsApp: (43) 99614-3025 Email: jacques@uel.br<\/p>\n","protected":false},"author":8,"featured_media":0,"parent":0,"menu_order":0,"comment_status":"closed","ping_status":"closed","template":"","meta":{"_acf_changed":false,"_themeisle_gutenberg_block_has_review":false,"footnotes":""},"class_list":["post-37","page","type-page","status-publish","hentry"],"acf":[],"_links":{"self":[{"href":"https:\/\/pos.uel.br\/bigdeep\/wp-json\/wp\/v2\/pages\/37","targetHints":{"allow":["GET"]}}],"collection":[{"href":"https:\/\/pos.uel.br\/bigdeep\/wp-json\/wp\/v2\/pages"}],"about":[{"href":"https:\/\/pos.uel.br\/bigdeep\/wp-json\/wp\/v2\/types\/page"}],"author":[{"embeddable":true,"href":"https:\/\/pos.uel.br\/bigdeep\/wp-json\/wp\/v2\/users\/8"}],"replies":[{"embeddable":true,"href":"https:\/\/pos.uel.br\/bigdeep\/wp-json\/wp\/v2\/comments?post=37"}],"version-history":[{"count":4,"href":"https:\/\/pos.uel.br\/bigdeep\/wp-json\/wp\/v2\/pages\/37\/revisions"}],"predecessor-version":[{"id":259,"href":"https:\/\/pos.uel.br\/bigdeep\/wp-json\/wp\/v2\/pages\/37\/revisions\/259"}],"wp:attachment":[{"href":"https:\/\/pos.uel.br\/bigdeep\/wp-json\/wp\/v2\/media?parent=37"}],"curies":[{"name":"wp","href":"https:\/\/api.w.org\/{rel}","templated":true}]}}